{"id":8,"date":"2014-09-19T06:35:04","date_gmt":"2014-09-19T06:35:04","guid":{"rendered":"https:\/\/www.cobelen.es\/es\/?page_id=8"},"modified":"2021-05-28T11:18:17","modified_gmt":"2021-05-28T09:18:17","slug":"cobelen","status":"publish","type":"page","link":"https:\/\/www.cobelen.es\/es\/cobelen\/","title":{"rendered":"Cobel\u00e9n"},"content":{"rendered":"<div id=\"post-ratings-8\" class=\"post-ratings\" data-nonce=\"fcc533c07d\"><img decoding=\"async\" id=\"rating_8_1\" src=\"https:\/\/www.cobelen.es\/es\/wp-content\/plugins\/wp-postratings\/images\/stars\/rating_on.gif\" alt=\"1 Star\" title=\"1 Star\" onmouseover=\"current_rating(8, 1, '1 Star');\" onmouseout=\"ratings_off(4, 0, 0);\" onclick=\"rate_post();\" onkeypress=\"rate_post();\" style=\"cursor: pointer; border: 0px;\" \/><img decoding=\"async\" id=\"rating_8_2\" src=\"https:\/\/www.cobelen.es\/es\/wp-content\/plugins\/wp-postratings\/images\/stars\/rating_on.gif\" alt=\"2 Stars\" title=\"2 Stars\" onmouseover=\"current_rating(8, 2, '2 Stars');\" onmouseout=\"ratings_off(4, 0, 0);\" onclick=\"rate_post();\" onkeypress=\"rate_post();\" style=\"cursor: pointer; border: 0px;\" \/><img decoding=\"async\" id=\"rating_8_3\" src=\"https:\/\/www.cobelen.es\/es\/wp-content\/plugins\/wp-postratings\/images\/stars\/rating_on.gif\" alt=\"3 Stars\" title=\"3 Stars\" onmouseover=\"current_rating(8, 3, '3 Stars');\" onmouseout=\"ratings_off(4, 0, 0);\" onclick=\"rate_post();\" onkeypress=\"rate_post();\" style=\"cursor: pointer; border: 0px;\" \/><img decoding=\"async\" id=\"rating_8_4\" src=\"https:\/\/www.cobelen.es\/es\/wp-content\/plugins\/wp-postratings\/images\/stars\/rating_on.gif\" alt=\"4 Stars\" title=\"4 Stars\" onmouseover=\"current_rating(8, 4, '4 Stars');\" onmouseout=\"ratings_off(4, 0, 0);\" onclick=\"rate_post();\" onkeypress=\"rate_post();\" style=\"cursor: pointer; border: 0px;\" \/><img decoding=\"async\" id=\"rating_8_5\" src=\"https:\/\/www.cobelen.es\/es\/wp-content\/plugins\/wp-postratings\/images\/stars\/rating_off.gif\" alt=\"5 Stars\" title=\"5 Stars\" onmouseover=\"current_rating(8, 5, '5 Stars');\" onmouseout=\"ratings_off(4, 0, 0);\" onclick=\"rate_post();\" onkeypress=\"rate_post();\" style=\"cursor: pointer; border: 0px;\" \/> (<strong>15<\/strong> votes, average: <strong>4,00<\/strong> out of 5)<br \/><span class=\"post-ratings-text\" id=\"ratings_8_text\"><\/span><\/div><div id=\"post-ratings-8-loading\" class=\"post-ratings-loading\"><img loading=\"lazy\" decoding=\"async\" src=\"https:\/\/www.cobelen.es\/es\/wp-content\/plugins\/wp-postratings\/images\/loading.gif\" width=\"16\" height=\"16\" class=\"post-ratings-image\" \/>Cargando...<\/div>\n<div class=\"margen-1\"><\/div>\n<p><img loading=\"lazy\" decoding=\"async\" width=\"1000\" height=\"327\" class=\"aligncenter size-full wp-image-238 sombra\" src=\"https:\/\/www.cobelen.es\/es\/wp-content\/uploads\/2014\/09\/cobelen-1.jpg\" alt=\"Cobel\u00e9n\" srcset=\"https:\/\/www.cobelen.es\/es\/wp-content\/uploads\/2014\/09\/cobelen-1.jpg 1000w, https:\/\/www.cobelen.es\/es\/wp-content\/uploads\/2014\/09\/cobelen-1-300x98.jpg 300w\" sizes=\"(max-width: 1000px) 100vw, 1000px\" \/><\/p>\n<div class=\"margen-1\"><\/div>\n<div class=\"one_half\">\n<p class=\"capitular\">Cobel\u00e9n se dedica, desde hace m\u00e1s de medio siglo, a la comercializaci\u00f3n del fruto del olivo gracias a su excepcional enclave. Se encuentra ubicado en pleno coraz\u00f3n del Aljarafe sevillano, cuna de la aceituna de mesa por excelencia: la Manzanilla Fina.<\/p>\n<p>Su origen data de 1961, a\u00f1o en el que se fund\u00f3 la Cooperativa Virgen de Bel\u00e9n.<\/p>\n<p>Hoy d\u00eda, tras d\u00e9cadas de trabajo y esfuerzo, est\u00e1 compuesto por 800 socios productores; 700.000 olivos, repartidos por todo el Aljarafe hispalense; y una producci\u00f3n media de 11.000.000 de kilos de aceitunas, de las variedades Manzanilla Fina y Gordal.<\/p>\n<\/div>\n<div class=\"one_half last\">\n<p>Estas cifras lo convierten en la primera empresa productora a t\u00edtulo individual en el mercado nacional y, adem\u00e1s, cuenta con unas instalaciones que ocupan 70.000 m2, de los cuales 20.000 m2 est\u00e1n edificados.La calidad siempre ha sido la mejor arma de actuaci\u00f3n de Cobel\u00e9n. As\u00ed lo han entendido tambi\u00e9n sus socios, que miman a la aceituna en todas las fases del proceso de producci\u00f3n. Desde el olivo hasta la mesa.<\/p>\n<p>Contar con la mejor materia prima y en cantidad suficiente ha permitido avanzar en la transformaci\u00f3n de productos, pasando del aderezo y clasificado de aceitunas al deshuesado y relleno de pimiento a granel, lo que ha favorecido sus ventas al mercado exterior.<\/p>\n<\/div>\n<div class=\"clear\"><\/div>\n<p><img decoding=\"async\" class=\"aligncenter size-full wp-image-73\" src=\"https:\/\/www.cobelen.es\/es\/wp-content\/uploads\/2014\/09\/separador-verde.png\" alt=\"Empresas de Aceitunas en Sevilla\" \/><\/p>\n<div class=\"margen-1\"><\/div>\n<div class=\"one_half\">\n<p><img loading=\"lazy\" decoding=\"async\" width=\"768\" height=\"346\" class=\"aligncenter size-full wp-image-374 sombra\" src=\"https:\/\/www.cobelen.es\/es\/wp-content\/uploads\/2014\/09\/cobelen-2.jpg\" alt=\"cobelen-2\" srcset=\"https:\/\/www.cobelen.es\/es\/wp-content\/uploads\/2014\/09\/cobelen-2.jpg 768w, https:\/\/www.cobelen.es\/es\/wp-content\/uploads\/2014\/09\/cobelen-2-300x135.jpg 300w\" sizes=\"(max-width: 768px) 100vw, 768px\" \/><\/p>\n<p class=\"capitular\">Con el \u00e1nimo de seguir a\u00f1adiendo valor a sus productos y abrir nuevos mercados, en 1996 se crea la Secci\u00f3n Envasado, dedicada al relleno y envasado de aceitunas en todo tipo de formatos de hojalata, vidrio y bolsas.<\/p>\n<p>Posteriormente, en 2001, se construye una planta de oxidaci\u00f3n para completar la ya amplia oferta de Cobel\u00e9n con aceitunas negras.<\/p>\n<\/div>\n<div class=\"one_half last\"><img loading=\"lazy\" decoding=\"async\" width=\"768\" height=\"346\" class=\"aligncenter size-full wp-image-375 sombra\" src=\"https:\/\/www.cobelen.es\/es\/wp-content\/uploads\/2014\/09\/cobelen-3.jpg\" alt=\"cobelen-3\" srcset=\"https:\/\/www.cobelen.es\/es\/wp-content\/uploads\/2014\/09\/cobelen-3.jpg 768w, https:\/\/www.cobelen.es\/es\/wp-content\/uploads\/2014\/09\/cobelen-3-300x135.jpg 300w\" sizes=\"(max-width: 768px) 100vw, 768px\" \/><br \/>\nLa Secci\u00f3n Envasado comercializa 4.000.000 de kilos de producto envasado entre mercados nacionales e internacionales; la mayor parte bajo la marca del cliente. No obstante, Cobel\u00e9n tambi\u00e9n dispone de marcas propias. Tal es el caso de PRECIOSA y MEDIODIA. En la actualidad, factura 18 millones de euros anuales y mantiene de forma estable 60 puestos de trabajo. Estos datos son el reflejo de su compromiso con el consumidor y la sociedad.<\/div>\n<div class=\"clear\"><\/div>\n","protected":false},"excerpt":{"rendered":"<p>Cobel\u00e9n se dedica, desde hace m\u00e1s de medio siglo, a la comercializaci\u00f3n del fruto del olivo gracias a su excepcional enclave. Se encuentra ubicado en pleno coraz\u00f3n del Aljarafe sevillano, cuna de la aceituna de mesa por excelencia: la Manzanilla Fina. Su origen data de 1961, a\u00f1o en el que se fund\u00f3 la Cooperativa Virgen [&hellip;]<\/p>\n","protected":false},"author":27,"featured_media":0,"parent":0,"menu_order":0,"comment_status":"closed","ping_status":"closed","template":"","meta":{"_bbp_topic_count":0,"_bbp_reply_count":0,"_bbp_total_topic_count":0,"_bbp_total_reply_count":0,"_bbp_voice_count":0,"_bbp_anonymous_reply_count":0,"_bbp_topic_count_hidden":0,"_bbp_reply_count_hidden":0,"_bbp_forum_subforum_count":0,"footnotes":""},"class_list":["post-8","page","type-page","status-publish","hentry"],"_links":{"self":[{"href":"https:\/\/www.cobelen.es\/es\/wp-json\/wp\/v2\/pages\/8"}],"collection":[{"href":"https:\/\/www.cobelen.es\/es\/wp-json\/wp\/v2\/pages"}],"about":[{"href":"https:\/\/www.cobelen.es\/es\/wp-json\/wp\/v2\/types\/page"}],"author":[{"embeddable":true,"href":"https:\/\/www.cobelen.es\/es\/wp-json\/wp\/v2\/users\/27"}],"replies":[{"embeddable":true,"href":"https:\/\/www.cobelen.es\/es\/wp-json\/wp\/v2\/comments?post=8"}],"version-history":[{"count":5,"href":"https:\/\/www.cobelen.es\/es\/wp-json\/wp\/v2\/pages\/8\/revisions"}],"predecessor-version":[{"id":2770,"href":"https:\/\/www.cobelen.es\/es\/wp-json\/wp\/v2\/pages\/8\/revisions\/2770"}],"wp:attachment":[{"href":"https:\/\/www.cobelen.es\/es\/wp-json\/wp\/v2\/media?parent=8"}],"curies":[{"name":"wp","href":"https:\/\/api.w.org\/{rel}","templated":true}]}}

Cobelén

<div id="post-ratings-8" class="post-ratings" data-nonce="fcc533c07d"><img decoding="async" id="rating_8_1" src="https://www.cobelen.es/es/wp-content/plugins/wp-postratings/images/stars/rating_on.gif" alt="1 Star" title="1 Star" onmouseover="current_rating(8, 1, '1 Star');" onmouseout="ratings_off(4, 0, 0);" onclick="rate_post();" onkeypress="rate_post();" style="cursor: pointer; border: 0px;" /><img decoding="async" id="rating_8_2" src="https://www.cobelen.es/es/wp-content/plugins/wp-postratings/images/stars/rating_on.gif" alt="2 Stars" title="2 Stars" onmouseover="current_rating(8, 2, '2 Stars');" onmouseout="ratings_off(4, 0, 0);" onclick="rate_post();" onkeypress="rate_post();" style="cursor: pointer; border: 0px;" /><img decoding="async" id="rating_8_3" src="https://www.cobelen.es/es/wp-content/plugins/wp-postratings/images/stars/rating_on.gif" alt="3 Stars" title="3 Stars" onmouseover="current_rating(8, 3, '3 Stars');" onmouseout="ratings_off(4, 0, 0);" onclick="rate_post();" onkeypress="rate_post();" style="cursor: pointer; border: 0px;" /><img decoding="async" id="rating_8_4" src="https://www.cobelen.es/es/wp-content/plugins/wp-postratings/images/stars/rating_on.gif" alt="4 Stars" title="4 Stars" onmouseover="current_rating(8, 4, '4 Stars');" onmouseout="ratings_off(4, 0, 0);" onclick="rate_post();" onkeypress="rate_post();" style="cursor: pointer; border: 0px;" /><img decoding="async" id="rating_8_5" src="https://www.cobelen.es/es/wp-content/plugins/wp-postratings/images/stars/rating_off.gif" alt="5 Stars" title="5 Stars" onmouseover="current_rating(8, 5, '5 Stars');" onmouseout="ratings_off(4, 0, 0);" onclick="rate_post();" onkeypress="rate_post();" style="cursor: pointer; border: 0px;" /> (<strong>15</strong> votes, average: <strong>4,00</strong> out of 5)<br /><span class="post-ratings-text" id="ratings_8_text"></span></div><div id="post-ratings-8-loading" class="post-ratings-loading"><img loading="lazy" decoding="async" src="https://www.cobelen.es/es/wp-content/plugins/wp-postratings/images/loading.gif" width="16" height="16" class="post-ratings-image" />Cargando...</div>
<div class="margen-1"></div>
<p><img loading="lazy" decoding="async" width="1000" height="327" class="aligncenter size-full wp-image-238 sombra" src="https://www.cobelen.es/es/wp-content/uploads/2014/09/cobelen-1.jpg" alt="Cobelén" srcset="https://www.cobelen.es/es/wp-content/uploads/2014/09/cobelen-1.jpg 1000w, https://www.cobelen.es/es/wp-content/uploads/2014/09/cobelen-1-300x98.jpg 300w" sizes="(max-width: 1000px) 100vw, 1000px" /></p>
<div class="margen-1"></div>
<div class="one_half">
<p class="capitular">Cobelén se dedica, desde hace más de medio siglo, a la comercialización del fruto del olivo gracias a su excepcional enclave. Se encuentra ubicado en pleno corazón del Aljarafe sevillano, cuna de la aceituna de mesa por excelencia: la Manzanilla Fina.</p>
<p>Su origen data de 1961, año en el que se fundó la Cooperativa Virgen de Belén.</p>
<p>Hoy día, tras décadas de trabajo y esfuerzo, está compuesto por 800 socios productores; 700.000 olivos, repartidos por todo el Aljarafe hispalense; y una producción media de 11.000.000 de kilos de aceitunas, de las variedades Manzanilla Fina y Gordal.</p>
</div>
<div class="one_half last">
<p>Estas cifras lo convierten en la primera empresa productora a título individual en el mercado nacional y, además, cuenta con unas instalaciones que ocupan 70.000 m2, de los cuales 20.000 m2 están edificados.La calidad siempre ha sido la mejor arma de actuación de Cobelén. Así lo han entendido también sus socios, que miman a la aceituna en todas las fases del proceso de producción. Desde el olivo hasta la mesa.</p>
<p>Contar con la mejor materia prima y en cantidad suficiente ha permitido avanzar en la transformación de productos, pasando del aderezo y clasificado de aceitunas al deshuesado y relleno de pimiento a granel, lo que ha favorecido sus ventas al mercado exterior.</p>
</div>
<div class="clear"></div>
<p><img decoding="async" class="aligncenter size-full wp-image-73" src="https://www.cobelen.es/es/wp-content/uploads/2014/09/separador-verde.png" alt="Empresas de Aceitunas en Sevilla" /></p>
<div class="margen-1"></div>
<div class="one_half">
<p><img loading="lazy" decoding="async" width="768" height="346" class="aligncenter size-full wp-image-374 sombra" src="https://www.cobelen.es/es/wp-content/uploads/2014/09/cobelen-2.jpg" alt="cobelen-2" srcset="https://www.cobelen.es/es/wp-content/uploads/2014/09/cobelen-2.jpg 768w, https://www.cobelen.es/es/wp-content/uploads/2014/09/cobelen-2-300x135.jpg 300w" sizes="(max-width: 768px) 100vw, 768px" /></p>
<p class="capitular">Con el ánimo de seguir añadiendo valor a sus productos y abrir nuevos mercados, en 1996 se crea la Sección Envasado, dedicada al relleno y envasado de aceitunas en todo tipo de formatos de hojalata, vidrio y bolsas.</p>
<p>Posteriormente, en 2001, se construye una planta de oxidación para completar la ya amplia oferta de Cobelén con aceitunas negras.</p>
</div>
<div class="one_half last"><img loading="lazy" decoding="async" width="768" height="346" class="aligncenter size-full wp-image-375 sombra" src="https://www.cobelen.es/es/wp-content/uploads/2014/09/cobelen-3.jpg" alt="cobelen-3" srcset="https://www.cobelen.es/es/wp-content/uploads/2014/09/cobelen-3.jpg 768w, https://www.cobelen.es/es/wp-content/uploads/2014/09/cobelen-3-300x135.jpg 300w" sizes="(max-width: 768px) 100vw, 768px" /><br />
La Sección Envasado comercializa 4.000.000 de kilos de producto envasado entre mercados nacionales e internacionales; la mayor parte bajo la marca del cliente. No obstante, Cobelén también dispone de marcas propias. Tal es el caso de PRECIOSA y MEDIODIA. En la actualidad, factura 18 millones de euros anuales y mantiene de forma estable 60 puestos de trabajo. Estos datos son el reflejo de su compromiso con el consumidor y la sociedad.</div>
<div class="clear"></div>

<p>Cobelén se dedica, desde hace más de medio siglo, a la comercialización del fruto del olivo gracias a su excepcional enclave. Se encuentra ubicado en pleno corazón del Aljarafe sevillano, cuna de la aceituna de mesa por excelencia: la Manzanilla Fina. Su origen data de 1961, año en el que se fundó la Cooperativa Virgen [&hellip;]</p>
