{"id":6,"date":"2014-09-19T06:34:49","date_gmt":"2014-09-19T06:34:49","guid":{"rendered":"https:\/\/www.cobelen.es\/es\/?page_id=6"},"modified":"2021-05-28T11:18:55","modified_gmt":"2021-05-28T09:18:55","slug":"inicio","status":"publish","type":"page","link":"https:\/\/www.cobelen.es\/es\/","title":{"rendered":"Inicio"},"content":{"rendered":"<div style=\"display: none;\"><\/div>\n<div class=\"sheet clearfix\">\n<h1 class=\"subrayado\" style=\"text-align: center;\">PRODUCTORA Y COMERCIALIZADORA DE ACEITUNAS COBEL\u00c9N<\/h1>\n<div class=\"margen-1\"><\/div>\n<div class=\"dos-columnas\">\n<p class=\"capitular\"><strong>Cobel\u00e9n<\/strong> aprovecha su excepcional enclave, en pleno coraz\u00f3n del Aljarafe sevillano, para dedicarse a la comercializaci\u00f3n del fruto estrella de la zona: la aceituna de mesa.<\/p>\n<p>Naci\u00f3 en 1961, tras la fundaci\u00f3n de la Cooperativa Virgen de Bel\u00e9n. En la actualidad, est\u00e1 formado por 800 socios; 700.000 olivos y una producci\u00f3n media de 11.000.000 de kilos de aceitunas, de las variedades Manzanilla Fina y Gordal.<\/p>\n<p>La calidad, que siempre ha acompa\u00f1ado a sus productos y las cifras expuestas la convierten en la primera empresa productora de aceituna a t\u00edtulo individual en Espa\u00f1a.<\/p>\n<p>Su deseo de avanzar en la transformaci\u00f3n de productos y abrirse a nuevos mercados, le llev\u00f3 a crear la <strong>Secci\u00f3n Envasado<\/strong>; dedicada al relleno y envasado de aceitunas en todo tipo de formatos de hojalata, vidrio y bolsas. Su oferta comprende tanto aceitunas verdes como negras. La mayor parte de su producto envasado, dentro y fuera de las fronteras nacionales, se lleva a cabo bajo la marca del cliente. Sin embargo, <strong>Cobel\u00e9n<\/strong> tambi\u00e9n dispone de marcas propias, como <strong>PRECIOSA y MEDIODIA<\/strong>.<\/p>\n<\/div>\n<\/div>\n<div class=\"margen-2\"><\/div>\n<h2 style=\"text-align: center;\">NUESTRAS PREPARACIONES<\/h2>\n<div class=\"cuadro-verde sombra\">\n<div class=\"sheet clearfix\">\n<div class=\"interior\">\n<div class=\"one_fourth\">\n<p><a title=\"Tipos de preparaciones\" href=\"https:\/\/www.cobelen.es\/es\/productos\/tipos-de-preparaciones\/\"><img loading=\"lazy\" decoding=\"async\" class=\"aligncenter wp-image-310 size-full\" src=\"https:\/\/www.cobelen.es\/es\/wp-content\/uploads\/2014\/09\/home-entera.png\" alt=\"Cobel\u00e9n aceitunas\" width=\"350\" height=\"225\" srcset=\"https:\/\/www.cobelen.es\/es\/wp-content\/uploads\/2014\/09\/home-entera.png 350w, https:\/\/www.cobelen.es\/es\/wp-content\/uploads\/2014\/09\/home-entera-300x193.png 300w\" sizes=\"(max-width: 350px) 100vw, 350px\" \/><\/a><\/p>\n<h3 style=\"text-align: center;\"><a class=\"titulo-blanco\" title=\"Tipos de preparaciones\" href=\"https:\/\/www.cobelen.es\/es\/productos\/tipos-de-preparaciones\/\">ENTERAS<\/a><\/h3>\n<\/div>\n<div class=\"one_fourth\">\n<p><a title=\"Tipos de preparaciones\" href=\"https:\/\/www.cobelen.es\/es\/productos\/tipos-de-preparaciones\/\"><img loading=\"lazy\" decoding=\"async\" class=\"aligncenter wp-image-313 size-full\" src=\"https:\/\/www.cobelen.es\/es\/wp-content\/uploads\/2014\/09\/home-deshuesada.png\" alt=\"aceituna deshuesada\" width=\"350\" height=\"225\" srcset=\"https:\/\/www.cobelen.es\/es\/wp-content\/uploads\/2014\/09\/home-deshuesada.png 350w, https:\/\/www.cobelen.es\/es\/wp-content\/uploads\/2014\/09\/home-deshuesada-300x193.png 300w\" sizes=\"(max-width: 350px) 100vw, 350px\" \/><\/a><\/p>\n<h3 style=\"text-align: center;\"><a class=\"titulo-blanco\" title=\"Tipos de preparaciones\" href=\"https:\/\/www.cobelen.es\/es\/productos\/tipos-de-preparaciones\/\">DESHUESADAS<\/a><\/h3>\n<\/div>\n<div class=\"one_fourth\">\n<p><a title=\"Tipos de preparaciones\" href=\"https:\/\/www.cobelen.es\/es\/productos\/tipos-de-preparaciones\/\"><img loading=\"lazy\" decoding=\"async\" class=\"aligncenter wp-image-322 size-full\" src=\"https:\/\/www.cobelen.es\/es\/wp-content\/uploads\/2014\/09\/home-rodajas.png\" alt=\"aceitunas a rodajas\" width=\"350\" height=\"225\" srcset=\"https:\/\/www.cobelen.es\/es\/wp-content\/uploads\/2014\/09\/home-rodajas.png 350w, https:\/\/www.cobelen.es\/es\/wp-content\/uploads\/2014\/09\/home-rodajas-300x193.png 300w\" sizes=\"(max-width: 350px) 100vw, 350px\" \/><\/a><\/p>\n<h3 style=\"text-align: center;\"><a class=\"titulo-blanco\" title=\"Tipos de preparaciones\" href=\"https:\/\/www.cobelen.es\/es\/productos\/tipos-de-preparaciones\/\">EN RODAJAS<\/a><\/h3>\n<\/div>\n<div class=\"one_fourth last\">\n<p><a title=\"Tipos de preparaciones\" href=\"https:\/\/www.cobelen.es\/es\/productos\/tipos-de-preparaciones\/\"><img loading=\"lazy\" decoding=\"async\" class=\"aligncenter wp-image-314 size-full\" src=\"https:\/\/www.cobelen.es\/es\/wp-content\/uploads\/2014\/09\/home-rellena.png\" alt=\"Tipos de aceitunas y sus preparaciones\" width=\"350\" height=\"225\" srcset=\"https:\/\/www.cobelen.es\/es\/wp-content\/uploads\/2014\/09\/home-rellena.png 350w, https:\/\/www.cobelen.es\/es\/wp-content\/uploads\/2014\/09\/home-rellena-300x193.png 300w\" sizes=\"(max-width: 350px) 100vw, 350px\" \/><\/a><\/p>\n<h3 style=\"text-align: center;\"><a class=\"titulo-blanco\" title=\"Tipos de preparaciones\" href=\"https:\/\/www.cobelen.es\/es\/productos\/tipos-de-preparaciones\/\">RELLENAS<\/a><\/h3>\n<\/div>\n<div class=\"clear\"><\/div>\n<\/div>\n<\/div>\n<\/div>\n<div class=\"margen-2\"><\/div>\n<div class=\"sheet clearfix\">\n<div class=\"one_third\">\n<h2 class=\"subrayado\" style=\"text-align: center;\">ACTUALIDAD<\/h2>\n<div id=\"category-14\" class=\"latestposts\"><div class=\"row alpha\"><div class=\"latest-item clearfix\"><h4><a href=\"https:\/\/www.cobelen.es\/es\/aceitunas-preciosa-mejor-campana-de-marketing-digital-limitada-en-los-premios-sabor-redondo-2021\/\">Aceitunas Preciosa, mejor campa\u00f1a de marketing digital limitada en los Premios Sabor Redondo 2021<\/a><\/h4><div class=\"latest-excerpt\">El pasado jueves 14 de octubre nuestras aceitunas Preciosa recibieron el galard\u00f3n a \u00abmejor campa\u00f1a de marketing digital limitada\u00bb en los Premios Sabor Redondo 2021....<\/div><a class=\"button more-link\" href=\"https:\/\/www.cobelen.es\/es\/aceitunas-preciosa-mejor-campana-de-marketing-digital-limitada-en-los-premios-sabor-redondo-2021\/\">Leer m\u00e1s<\/a><\/div><\/div><div class=\"clear\"><\/div><\/div>\n<\/div>\n<div class=\"one_third\">\n<h2 class=\"subrayado\" style=\"text-align: center;\">S\u00cdGUENOS EN FACEBOOK<\/h2>\n<p><iframe loading=\"lazy\" style=\"border: none; overflow: hidden; width: 100%; height: 160px;\" src=\"\/\/www.facebook.com\/plugins\/likebox.php?href=https%3A%2F%2Fwww.facebook.com%2Fgrupocobelen&amp;width=307&amp;height=160&amp;colorscheme=light&amp;show_faces=false&amp;header=false&amp;stream=true&amp;show_border=false\" width=\"300\" height=\"150\" scrolling=\"no\"><\/iframe><\/p>\n<\/div>\n<div class=\"one_third last\">\n<h2 class=\"subrayado\" style=\"text-align: center;\">\u00bfD\u00d3NDE ESTAMOS?<\/h2>\n<div class=\"margen-1\"><\/div>\n<p><iframe loading=\"lazy\" class=\"sombra\" style=\"border: 0; width: 100%; height: 160px;\" src=\"https:\/\/www.google.com\/maps\/embed?pb=!1m14!1m8!1m3!1d3173.6651139717824!2d-6.28962!3d37.30307!3m2!1i1024!2i768!4f13.1!3m3!1m2!1s0xd121b2d1335c295%3A0xb0be8f0b990d26db!2sSca+Cooperativa+Agr%C3%ADcola+Virgen+de+Bel%C3%A9n+Coop!5e0!3m2!1ses!2ses!4v1411126794112\" width=\"300\" height=\"150\"><\/iframe><\/p>\n<\/div>\n<div class=\"clear\"><\/div>\n<\/div>\n<p><!-- Facebook Pixel Code --><br \/>\n<script>\n!function(f,b,e,v,n,t,s)\n{if(f.fbq)return;n=f.fbq=function(){n.callMethod?\nn.callMethod.apply(n,arguments):n.queue.push(arguments)};\nif(!f._fbq)f._fbq=n;n.push=n;n.loaded=!0;n.version='2.0';\nn.queue=[];t=b.createElement(e);t.async=!0;\nt.src=v;s=b.getElementsByTagName(e)[0];\ns.parentNode.insertBefore(t,s)}(window,document,'script',\n'https:\/\/connect.facebook.net\/en_US\/fbevents.js');\n fbq('init', '195111780872175'); \nfbq('track', 'PageView');\n<\/script><br \/>\n<noscript><br \/>\n<img loading=\"lazy\" decoding=\"async\" height=\"1\" width=\"1\" src=\"https:\/\/www.facebook.com\/tr?id=195111780872175&#038;ev=PageView &#038;noscript=1\"\/><br \/>\n<\/noscript><br \/>\n<!-- End Facebook Pixel Code --><\/p>\n","protected":false},"excerpt":{"rendered":"<p>PRODUCTORA Y COMERCIALIZADORA DE ACEITUNAS COBEL\u00c9N Cobel\u00e9n aprovecha su excepcional enclave, en pleno coraz\u00f3n del Aljarafe sevillano, para dedicarse a la comercializaci\u00f3n del fruto estrella de la zona: la aceituna de mesa. Naci\u00f3 en 1961, tras la fundaci\u00f3n de la Cooperativa Virgen de Bel\u00e9n. En la actualidad, est\u00e1 formado por 800 socios; 700.000 olivos y [&hellip;]<\/p>\n","protected":false},"author":27,"featured_media":0,"parent":0,"menu_order":0,"comment_status":"closed","ping_status":"closed","template":"diseno-home.php","meta":{"_bbp_topic_count":0,"_bbp_reply_count":0,"_bbp_total_topic_count":0,"_bbp_total_reply_count":0,"_bbp_voice_count":0,"_bbp_anonymous_reply_count":0,"_bbp_topic_count_hidden":0,"_bbp_reply_count_hidden":0,"_bbp_forum_subforum_count":0,"footnotes":""},"class_list":["post-6","page","type-page","status-publish","hentry"],"_links":{"self":[{"href":"https:\/\/www.cobelen.es\/es\/wp-json\/wp\/v2\/pages\/6"}],"collection":[{"href":"https:\/\/www.cobelen.es\/es\/wp-json\/wp\/v2\/pages"}],"about":[{"href":"https:\/\/www.cobelen.es\/es\/wp-json\/wp\/v2\/types\/page"}],"author":[{"embeddable":true,"href":"https:\/\/www.cobelen.es\/es\/wp-json\/wp\/v2\/users\/27"}],"replies":[{"embeddable":true,"href":"https:\/\/www.cobelen.es\/es\/wp-json\/wp\/v2\/comments?post=6"}],"version-history":[{"count":5,"href":"https:\/\/www.cobelen.es\/es\/wp-json\/wp\/v2\/pages\/6\/revisions"}],"predecessor-version":[{"id":2771,"href":"https:\/\/www.cobelen.es\/es\/wp-json\/wp\/v2\/pages\/6\/revisions\/2771"}],"wp:attachment":[{"href":"https:\/\/www.cobelen.es\/es\/wp-json\/wp\/v2\/media?parent=6"}],"curies":[{"name":"wp","href":"https:\/\/api.w.org\/{rel}","templated":true}]}}

<div style="display: none;"></div>
<div class="sheet clearfix">
<h1 class="subrayado" style="text-align: center;">PRODUCTORA Y COMERCIALIZADORA DE ACEITUNAS COBELÉN</h1>
<div class="margen-1"></div>
<div class="dos-columnas">
<p class="capitular"><strong>Cobelén</strong> aprovecha su excepcional enclave, en pleno corazón del Aljarafe sevillano, para dedicarse a la comercialización del fruto estrella de la zona: la aceituna de mesa.</p>
<p>Nació en 1961, tras la fundación de la Cooperativa Virgen de Belén. En la actualidad, está formado por 800 socios; 700.000 olivos y una producción media de 11.000.000 de kilos de aceitunas, de las variedades Manzanilla Fina y Gordal.</p>
<p>La calidad, que siempre ha acompañado a sus productos y las cifras expuestas la convierten en la primera empresa productora de aceituna a título individual en España.</p>
<p>Su deseo de avanzar en la transformación de productos y abrirse a nuevos mercados, le llevó a crear la <strong>Sección Envasado</strong>; dedicada al relleno y envasado de aceitunas en todo tipo de formatos de hojalata, vidrio y bolsas. Su oferta comprende tanto aceitunas verdes como negras. La mayor parte de su producto envasado, dentro y fuera de las fronteras nacionales, se lleva a cabo bajo la marca del cliente. Sin embargo, <strong>Cobelén</strong> también dispone de marcas propias, como <strong>PRECIOSA y MEDIODIA</strong>.</p>
</div>
</div>
<div class="margen-2"></div>
<h2 style="text-align: center;">NUESTRAS PREPARACIONES</h2>
<div class="cuadro-verde sombra">
<div class="sheet clearfix">
<div class="interior">
<div class="one_fourth">
<p><a title="Tipos de preparaciones" href="https://www.cobelen.es/es/productos/tipos-de-preparaciones/"><img loading="lazy" decoding="async" class="aligncenter wp-image-310 size-full" src="https://www.cobelen.es/es/wp-content/uploads/2014/09/home-entera.png" alt="Cobelén aceitunas" width="350" height="225" srcset="https://www.cobelen.es/es/wp-content/uploads/2014/09/home-entera.png 350w, https://www.cobelen.es/es/wp-content/uploads/2014/09/home-entera-300x193.png 300w" sizes="(max-width: 350px) 100vw, 350px" /></a></p>
<h3 style="text-align: center;"><a class="titulo-blanco" title="Tipos de preparaciones" href="https://www.cobelen.es/es/productos/tipos-de-preparaciones/">ENTERAS</a></h3>
</div>
<div class="one_fourth">
<p><a title="Tipos de preparaciones" href="https://www.cobelen.es/es/productos/tipos-de-preparaciones/"><img loading="lazy" decoding="async" class="aligncenter wp-image-313 size-full" src="https://www.cobelen.es/es/wp-content/uploads/2014/09/home-deshuesada.png" alt="aceituna deshuesada" width="350" height="225" srcset="https://www.cobelen.es/es/wp-content/uploads/2014/09/home-deshuesada.png 350w, https://www.cobelen.es/es/wp-content/uploads/2014/09/home-deshuesada-300x193.png 300w" sizes="(max-width: 350px) 100vw, 350px" /></a></p>
<h3 style="text-align: center;"><a class="titulo-blanco" title="Tipos de preparaciones" href="https://www.cobelen.es/es/productos/tipos-de-preparaciones/">DESHUESADAS</a></h3>
</div>
<div class="one_fourth">
<p><a title="Tipos de preparaciones" href="https://www.cobelen.es/es/productos/tipos-de-preparaciones/"><img loading="lazy" decoding="async" class="aligncenter wp-image-322 size-full" src="https://www.cobelen.es/es/wp-content/uploads/2014/09/home-rodajas.png" alt="aceitunas a rodajas" width="350" height="225" srcset="https://www.cobelen.es/es/wp-content/uploads/2014/09/home-rodajas.png 350w, https://www.cobelen.es/es/wp-content/uploads/2014/09/home-rodajas-300x193.png 300w" sizes="(max-width: 350px) 100vw, 350px" /></a></p>
<h3 style="text-align: center;"><a class="titulo-blanco" title="Tipos de preparaciones" href="https://www.cobelen.es/es/productos/tipos-de-preparaciones/">EN RODAJAS</a></h3>
</div>
<div class="one_fourth last">
<p><a title="Tipos de preparaciones" href="https://www.cobelen.es/es/productos/tipos-de-preparaciones/"><img loading="lazy" decoding="async" class="aligncenter wp-image-314 size-full" src="https://www.cobelen.es/es/wp-content/uploads/2014/09/home-rellena.png" alt="Tipos de aceitunas y sus preparaciones" width="350" height="225" srcset="https://www.cobelen.es/es/wp-content/uploads/2014/09/home-rellena.png 350w, https://www.cobelen.es/es/wp-content/uploads/2014/09/home-rellena-300x193.png 300w" sizes="(max-width: 350px) 100vw, 350px" /></a></p>
<h3 style="text-align: center;"><a class="titulo-blanco" title="Tipos de preparaciones" href="https://www.cobelen.es/es/productos/tipos-de-preparaciones/">RELLENAS</a></h3>
</div>
<div class="clear"></div>
</div>
</div>
</div>
<div class="margen-2"></div>
<div class="sheet clearfix">
<div class="one_third">
<h2 class="subrayado" style="text-align: center;">ACTUALIDAD</h2>
<div id="category-14" class="latestposts"><div class="row alpha"><div class="latest-item clearfix"><h4><a href="https://www.cobelen.es/es/aceitunas-preciosa-mejor-campana-de-marketing-digital-limitada-en-los-premios-sabor-redondo-2021/">Aceitunas Preciosa, mejor campaña de marketing digital limitada en los Premios Sabor Redondo 2021</a></h4><div class="latest-excerpt">El pasado jueves 14 de octubre nuestras aceitunas Preciosa recibieron el galardón a «mejor campaña de marketing digital limitada» en los Premios Sabor Redondo 2021....</div><a class="button more-link" href="https://www.cobelen.es/es/aceitunas-preciosa-mejor-campana-de-marketing-digital-limitada-en-los-premios-sabor-redondo-2021/">Leer más</a></div></div><div class="clear"></div></div>
</div>
<div class="one_third">
<h2 class="subrayado" style="text-align: center;">SÍGUENOS EN FACEBOOK</h2>
<p><iframe loading="lazy" style="border: none; overflow: hidden; width: 100%; height: 160px;" src="//www.facebook.com/plugins/likebox.php?href=https%3A%2F%2Fwww.facebook.com%2Fgrupocobelen&amp;width=307&amp;height=160&amp;colorscheme=light&amp;show_faces=false&amp;header=false&amp;stream=true&amp;show_border=false" width="300" height="150" scrolling="no"></iframe></p>
</div>
<div class="one_third last">
<h2 class="subrayado" style="text-align: center;">¿DÓNDE ESTAMOS?</h2>
<div class="margen-1"></div>
<p><iframe loading="lazy" class="sombra" style="border: 0; width: 100%; height: 160px;" src="https://www.google.com/maps/embed?pb=!1m14!1m8!1m3!1d3173.6651139717824!2d-6.28962!3d37.30307!3m2!1i1024!2i768!4f13.1!3m3!1m2!1s0xd121b2d1335c295%3A0xb0be8f0b990d26db!2sSca+Cooperativa+Agr%C3%ADcola+Virgen+de+Bel%C3%A9n+Coop!5e0!3m2!1ses!2ses!4v1411126794112" width="300" height="150"></iframe></p>
</div>
<div class="clear"></div>
</div>
<p><!-- Facebook Pixel Code --><br />
<script>
!function(f,b,e,v,n,t,s)
{if(f.fbq)return;n=f.fbq=function(){n.callMethod?
n.callMethod.apply(n,arguments):n.queue.push(arguments)};
if(!f._fbq)f._fbq=n;n.push=n;n.loaded=!0;n.version='2.0';
n.queue=[];t=b.createElement(e);t.async=!0;
t.src=v;s=b.getElementsByTagName(e)[0];
s.parentNode.insertBefore(t,s)}(window,document,'script',
'https://connect.facebook.net/en_US/fbevents.js');
 fbq('init', '195111780872175'); 
fbq('track', 'PageView');
</script><br />
<noscript><br />
<img loading="lazy" decoding="async" height="1" width="1" src="https://www.facebook.com/tr?id=195111780872175&#038;ev=PageView &#038;noscript=1"/><br />
</noscript><br />
<!-- End Facebook Pixel Code --></p>

<p>PRODUCTORA Y COMERCIALIZADORA DE ACEITUNAS COBELÉN Cobelén aprovecha su excepcional enclave, en pleno corazón del Aljarafe sevillano, para dedicarse a la comercialización del fruto estrella de la zona: la aceituna de mesa. Nació en 1961, tras la fundación de la Cooperativa Virgen de Belén. En la actualidad, está formado por 800 socios; 700.000 olivos y [&hellip;]</p>
