{"id":496,"date":"2015-02-18T16:32:40","date_gmt":"2015-02-18T15:32:40","guid":{"rendered":"https:\/\/www.cobelen.es\/es\/?page_id=496"},"modified":"2015-02-25T09:21:43","modified_gmt":"2015-02-25T08:21:43","slug":"ensaladita-de-aceitunas-verdes-pasta-y-vinagreta-de-limon","status":"publish","type":"page","link":"https:\/\/www.cobelen.es\/es\/vida-sana\/recetas\/ensaladita-de-aceitunas-verdes-pasta-y-vinagreta-de-limon\/","title":{"rendered":"Ensaladita de aceitunas verdes, pasta y vinagreta de lim\u00f3n"},"content":{"rendered":"<div class=\"one_half\"><img loading=\"lazy\" decoding=\"async\" width=\"550\" height=\"385\" class=\"aligncenter size-full wp-image-508\" src=\"https:\/\/www.cobelen.es\/es\/wp-content\/uploads\/2015\/02\/ensaladita-aceitunas-verdes.jpg\" alt=\"ensaladita-aceitunas-verdes\" srcset=\"https:\/\/www.cobelen.es\/es\/wp-content\/uploads\/2015\/02\/ensaladita-aceitunas-verdes.jpg 550w, https:\/\/www.cobelen.es\/es\/wp-content\/uploads\/2015\/02\/ensaladita-aceitunas-verdes-300x210.jpg 300w\" sizes=\"(max-width: 550px) 100vw, 550px\" \/><\/div>\n<div class=\"one_half last\">\n<h3>Ingredientes<\/h3>\n<ul>\n<li>Aceitunas verdes Cobel\u00e9n<\/li>\n<li>Zanahoria rallada<\/li>\n<li>Apio rallado<\/li>\n<li>Pasta cocida con forma de espiral<\/li>\n<li>Gambas cocidas<\/li>\n<li>Ma\u00edz<\/li>\n<li>Ralladura y zumo de lim\u00f3n<\/li>\n<li>Aceite de oliva virgen extra<\/li>\n<li>Sal<\/li>\n<\/ul>\n<\/div>\n<div class=\"clear\"><\/div>\n<div class=\"margen-1\"><\/div>\n<h3>Preparaci\u00f3n<\/h3>\n<p>Una vez cocida la pasta, se trocea una parte de las espirales y se vierten en un bol. Posteriormente se le a\u00f1ade la zanahoria rallada, el ma\u00edz, el apio y las gambas. Por \u00faltimo se incluyen las aceitunas y se ali\u00f1a. La vinagreta incluye aceite de oliva, sal, zumo y ralladura de lim\u00f3n. Mantener fresco.<\/p>\n<p>&nbsp;<\/p>\n<p style=\"text-align: right;\">Fuente e imagen: <a href=\"http:\/\/www.elaceituning.es\/index.php\/busca\/comunidad-autonoma\/andalucia\/235-ensaladita-de-aceitunas-verdes-pasta-y-vinagreta-de-limon.html\" target=\"_blank\">El Aceituning<\/a><\/p>\n<p style=\"text-align: right;\">\n","protected":false},"excerpt":{"rendered":"<p>Ingredientes Aceitunas verdes Cobel\u00e9n Zanahoria rallada Apio rallado Pasta cocida con forma de espiral Gambas cocidas Ma\u00edz Ralladura y zumo de lim\u00f3n Aceite de oliva virgen extra Sal Preparaci\u00f3n Una vez cocida la pasta, se trocea una parte de las espirales y se vierten en un bol. Posteriormente se le a\u00f1ade la zanahoria rallada, el [&hellip;]<\/p>\n","protected":false},"author":27,"featured_media":0,"parent":356,"menu_order":0,"comment_status":"closed","ping_status":"closed","template":"","meta":{"_bbp_topic_count":0,"_bbp_reply_count":0,"_bbp_total_topic_count":0,"_bbp_total_reply_count":0,"_bbp_voice_count":0,"_bbp_anonymous_reply_count":0,"_bbp_topic_count_hidden":0,"_bbp_reply_count_hidden":0,"_bbp_forum_subforum_count":0,"footnotes":""},"class_list":["post-496","page","type-page","status-publish","hentry"],"_links":{"self":[{"href":"https:\/\/www.cobelen.es\/es\/wp-json\/wp\/v2\/pages\/496"}],"collection":[{"href":"https:\/\/www.cobelen.es\/es\/wp-json\/wp\/v2\/pages"}],"about":[{"href":"https:\/\/www.cobelen.es\/es\/wp-json\/wp\/v2\/types\/page"}],"author":[{"embeddable":true,"href":"https:\/\/www.cobelen.es\/es\/wp-json\/wp\/v2\/users\/27"}],"replies":[{"embeddable":true,"href":"https:\/\/www.cobelen.es\/es\/wp-json\/wp\/v2\/comments?post=496"}],"version-history":[{"count":5,"href":"https:\/\/www.cobelen.es\/es\/wp-json\/wp\/v2\/pages\/496\/revisions"}],"predecessor-version":[{"id":528,"href":"https:\/\/www.cobelen.es\/es\/wp-json\/wp\/v2\/pages\/496\/revisions\/528"}],"up":[{"embeddable":true,"href":"https:\/\/www.cobelen.es\/es\/wp-json\/wp\/v2\/pages\/356"}],"wp:attachment":[{"href":"https:\/\/www.cobelen.es\/es\/wp-json\/wp\/v2\/media?parent=496"}],"curies":[{"name":"wp","href":"https:\/\/api.w.org\/{rel}","templated":true}]}}

Ensaladita de aceitunas verdes, pasta y vinagreta de limón

<div class="one_half"><img loading="lazy" decoding="async" width="550" height="385" class="aligncenter size-full wp-image-508" src="https://www.cobelen.es/es/wp-content/uploads/2015/02/ensaladita-aceitunas-verdes.jpg" alt="ensaladita-aceitunas-verdes" srcset="https://www.cobelen.es/es/wp-content/uploads/2015/02/ensaladita-aceitunas-verdes.jpg 550w, https://www.cobelen.es/es/wp-content/uploads/2015/02/ensaladita-aceitunas-verdes-300x210.jpg 300w" sizes="(max-width: 550px) 100vw, 550px" /></div>
<div class="one_half last">
<h3>Ingredientes</h3>
<ul>
<li>Aceitunas verdes Cobelén</li>
<li>Zanahoria rallada</li>
<li>Apio rallado</li>
<li>Pasta cocida con forma de espiral</li>
<li>Gambas cocidas</li>
<li>Maíz</li>
<li>Ralladura y zumo de limón</li>
<li>Aceite de oliva virgen extra</li>
<li>Sal</li>
</ul>
</div>
<div class="clear"></div>
<div class="margen-1"></div>
<h3>Preparación</h3>
<p>Una vez cocida la pasta, se trocea una parte de las espirales y se vierten en un bol. Posteriormente se le añade la zanahoria rallada, el maíz, el apio y las gambas. Por último se incluyen las aceitunas y se aliña. La vinagreta incluye aceite de oliva, sal, zumo y ralladura de limón. Mantener fresco.</p>
<p>&nbsp;</p>
<p style="text-align: right;">Fuente e imagen: <a href="http://www.elaceituning.es/index.php/busca/comunidad-autonoma/andalucia/235-ensaladita-de-aceitunas-verdes-pasta-y-vinagreta-de-limon.html" target="_blank">El Aceituning</a></p>
<p style="text-align: right;">

<p>Ingredientes Aceitunas verdes Cobelén Zanahoria rallada Apio rallado Pasta cocida con forma de espiral Gambas cocidas Maíz Ralladura y zumo de limón Aceite de oliva virgen extra Sal Preparación Una vez cocida la pasta, se trocea una parte de las espirales y se vierten en un bol. Posteriormente se le añade la zanahoria rallada, el [&hellip;]</p>
