{"id":338,"date":"2015-02-03T10:34:30","date_gmt":"2015-02-03T10:34:30","guid":{"rendered":"https:\/\/www.cobelen.es\/es\/?page_id=338"},"modified":"2025-11-26T13:33:41","modified_gmt":"2025-11-26T12:33:41","slug":"marcas-propias","status":"publish","type":"page","link":"https:\/\/www.cobelen.es\/es\/productos\/marcas-propias\/","title":{"rendered":"Marcas propias"},"content":{"rendered":"<div id=\"post-ratings-338\" class=\"post-ratings\" data-nonce=\"db6244bf67\"><img decoding=\"async\" id=\"rating_338_1\" src=\"https:\/\/www.cobelen.es\/es\/wp-content\/plugins\/wp-postratings\/images\/stars\/rating_on.gif\" alt=\"1 Star\" title=\"1 Star\" onmouseover=\"current_rating(338, 1, '1 Star');\" onmouseout=\"ratings_off(4.8, 5, 0);\" onclick=\"rate_post();\" onkeypress=\"rate_post();\" style=\"cursor: pointer; border: 0px;\" \/><img decoding=\"async\" id=\"rating_338_2\" src=\"https:\/\/www.cobelen.es\/es\/wp-content\/plugins\/wp-postratings\/images\/stars\/rating_on.gif\" alt=\"2 Stars\" title=\"2 Stars\" onmouseover=\"current_rating(338, 2, '2 Stars');\" onmouseout=\"ratings_off(4.8, 5, 0);\" onclick=\"rate_post();\" onkeypress=\"rate_post();\" style=\"cursor: pointer; border: 0px;\" \/><img decoding=\"async\" id=\"rating_338_3\" src=\"https:\/\/www.cobelen.es\/es\/wp-content\/plugins\/wp-postratings\/images\/stars\/rating_on.gif\" alt=\"3 Stars\" title=\"3 Stars\" onmouseover=\"current_rating(338, 3, '3 Stars');\" onmouseout=\"ratings_off(4.8, 5, 0);\" onclick=\"rate_post();\" onkeypress=\"rate_post();\" style=\"cursor: pointer; border: 0px;\" \/><img decoding=\"async\" id=\"rating_338_4\" src=\"https:\/\/www.cobelen.es\/es\/wp-content\/plugins\/wp-postratings\/images\/stars\/rating_on.gif\" alt=\"4 Stars\" title=\"4 Stars\" onmouseover=\"current_rating(338, 4, '4 Stars');\" onmouseout=\"ratings_off(4.8, 5, 0);\" onclick=\"rate_post();\" onkeypress=\"rate_post();\" style=\"cursor: pointer; border: 0px;\" \/><img decoding=\"async\" id=\"rating_338_5\" src=\"https:\/\/www.cobelen.es\/es\/wp-content\/plugins\/wp-postratings\/images\/stars\/rating_half.gif\" alt=\"5 Stars\" title=\"5 Stars\" onmouseover=\"current_rating(338, 5, '5 Stars');\" onmouseout=\"ratings_off(4.8, 5, 0);\" onclick=\"rate_post();\" onkeypress=\"rate_post();\" style=\"cursor: pointer; border: 0px;\" \/> (<strong>6<\/strong> votes, average: <strong>4,83<\/strong> out of 5)<br \/><span class=\"post-ratings-text\" id=\"ratings_338_text\"><\/span><\/div><div id=\"post-ratings-338-loading\" class=\"post-ratings-loading\"><img loading=\"lazy\" decoding=\"async\" src=\"https:\/\/www.cobelen.es\/es\/wp-content\/plugins\/wp-postratings\/images\/loading.gif\" width=\"16\" height=\"16\" class=\"post-ratings-image\" \/>Cargando...<\/div>\n<div class=\"margen-1\"><\/div>\n<p><img loading=\"lazy\" decoding=\"async\" src=\"https:\/\/www.cobelen.es\/es\/wp-content\/uploads\/2025\/11\/marcas-propias-cobelen.jpg\" alt=\"marcas-propias\" width=\"1000\" height=\"350\" class=\"alignnone size-full wp-image-535 sombra\"  \/><\/p>\n<div class=\"margen-1\"><\/div>\n<div class=\"one_half\">\n<p class=\"capitular\">La garant\u00eda de las marcas propias de Cobel\u00e9n viene avalada por una larga y profesional trayectoria en el sector de la aceituna de mesa. Desde 1961, Cobel\u00e9n ha sido un claro referente de calidad para todos los actores vinculados con este segmento econ\u00f3mico primario.<\/p>\n<p>Los grandes pilares sobre los que siempre se ha asentado esta empresa han sido dos. Por un lado, el control del producto desde el origen y, por otro, su homogeneidad. En relaci\u00f3n a este \u00faltimo punto hay que poner de manifiesto que s\u00f3lo se comercializan las aceitunas de los socios agricultores de Cobel\u00e9n, cuyos olivos se encuentran situados en el \u00e1rea del Aljarafe sevillano; cuna de las m\u00e1s famosas aceitunas de mesa del mundo.<\/p>\n<\/div>\n<div class=\"one_half last\">\nNuestras marcas, <strong>PRECIOSA y MEDIOD\u00cdA<\/strong>, son el m\u00e1ximo exponente de todo lo mencionado anteriormente. En ellas se a\u00fanan tradici\u00f3n, cultura, artesan\u00eda, modernidad y, sobre todo, mucho sabor.<\/p>\n<p>Bajo la marca <strong>PRECIOSA<\/strong> tan s\u00f3lo envasamos las aceitunas que cuentan con el calibre m\u00e1s grueso y la m\u00e1xima calidad. Todo ello combinado con multitud de deliciosos rellenos naturales.<\/p>\n<p>Un aut\u00e9ntico placer para el paladar que te invitamos a no perderte.<\/p>\n<\/div>\n<div class=\"clear\"><\/div>\n<div class=\"margen-2\"><\/div>\n<p><img loading=\"lazy\" decoding=\"async\" src=\"https:\/\/www.cobelen.es\/es\/wp-content\/uploads\/2014\/09\/separador-verde.png\" alt=\"\" width=\"500\" height=\"25\" class=\"aligncenter size-full wp-image-81\" srcset=\"https:\/\/www.cobelen.es\/es\/wp-content\/uploads\/2014\/09\/separador-verde.png 500w, https:\/\/www.cobelen.es\/es\/wp-content\/uploads\/2014\/09\/separador-verde-300x15.png 300w\" sizes=\"(max-width: 500px) 100vw, 500px\" \/><\/p>\n<div class=\"margen-2\"><\/div>\n<div class=\"one_half\">\n<img loading=\"lazy\" decoding=\"async\" src=\"https:\/\/www.cobelen.es\/es\/wp-content\/uploads\/2021\/05\/embases-preciosa-IGP.jpg\" alt=\"\" width=\"1200\" height=\"700\" class=\"aligncenter size-full wp-image-2786\" srcset=\"https:\/\/www.cobelen.es\/es\/wp-content\/uploads\/2021\/05\/embases-preciosa-IGP.jpg 1200w, https:\/\/www.cobelen.es\/es\/wp-content\/uploads\/2021\/05\/embases-preciosa-IGP-300x175.jpg 300w, https:\/\/www.cobelen.es\/es\/wp-content\/uploads\/2021\/05\/embases-preciosa-IGP-1024x597.jpg 1024w, https:\/\/www.cobelen.es\/es\/wp-content\/uploads\/2021\/05\/embases-preciosa-IGP-768x448.jpg 768w\" sizes=\"(max-width: 1200px) 100vw, 1200px\" \/>\n<\/div>\n<div class=\"one_half last\">\n<p class=\"capitular\">La aceituna Manzanilla con hueso, la Manzanilla rellena de pimiento del piquillo y la Gordal con hueso de nuestra marca propia <strong>PRECIOSA<\/strong> han recibido el sello de la IGP Aceitunas Manzanilla y Gordal de Sevilla.<\/p>\n<p><img loading=\"lazy\" decoding=\"async\" src=\"https:\/\/www.cobelen.es\/es\/wp-content\/uploads\/2021\/05\/sello-consejo-regulador.jpg\" alt=\"\" width=\"300\" height=\"148\" class=\"alignnone size-medium wp-image-2779\" srcset=\"https:\/\/www.cobelen.es\/es\/wp-content\/uploads\/2021\/05\/sello-consejo-regulador.jpg 554w, https:\/\/www.cobelen.es\/es\/wp-content\/uploads\/2021\/05\/sello-consejo-regulador-300x148.jpg 300w\" sizes=\"(max-width: 300px) 100vw, 300px\" \/><\/div>\n<div class=\"clear\"><\/div>\n","protected":false},"excerpt":{"rendered":"<p>La garant\u00eda de las marcas propias de Cobel\u00e9n viene avalada por una larga y profesional trayectoria en el sector de la aceituna de mesa. Desde 1961, Cobel\u00e9n ha sido un claro referente de calidad para todos los actores vinculados con este segmento econ\u00f3mico primario. Los grandes pilares sobre los que siempre se ha asentado esta [&hellip;]<\/p>\n","protected":false},"author":27,"featured_media":0,"parent":10,"menu_order":0,"comment_status":"closed","ping_status":"closed","template":"","meta":{"_bbp_topic_count":0,"_bbp_reply_count":0,"_bbp_total_topic_count":0,"_bbp_total_reply_count":0,"_bbp_voice_count":0,"_bbp_anonymous_reply_count":0,"_bbp_topic_count_hidden":0,"_bbp_reply_count_hidden":0,"_bbp_forum_subforum_count":0,"footnotes":""},"class_list":["post-338","page","type-page","status-publish","hentry"],"_links":{"self":[{"href":"https:\/\/www.cobelen.es\/es\/wp-json\/wp\/v2\/pages\/338"}],"collection":[{"href":"https:\/\/www.cobelen.es\/es\/wp-json\/wp\/v2\/pages"}],"about":[{"href":"https:\/\/www.cobelen.es\/es\/wp-json\/wp\/v2\/types\/page"}],"author":[{"embeddable":true,"href":"https:\/\/www.cobelen.es\/es\/wp-json\/wp\/v2\/users\/27"}],"replies":[{"embeddable":true,"href":"https:\/\/www.cobelen.es\/es\/wp-json\/wp\/v2\/comments?post=338"}],"version-history":[{"count":6,"href":"https:\/\/www.cobelen.es\/es\/wp-json\/wp\/v2\/pages\/338\/revisions"}],"predecessor-version":[{"id":4941,"href":"https:\/\/www.cobelen.es\/es\/wp-json\/wp\/v2\/pages\/338\/revisions\/4941"}],"up":[{"embeddable":true,"href":"https:\/\/www.cobelen.es\/es\/wp-json\/wp\/v2\/pages\/10"}],"wp:attachment":[{"href":"https:\/\/www.cobelen.es\/es\/wp-json\/wp\/v2\/media?parent=338"}],"curies":[{"name":"wp","href":"https:\/\/api.w.org\/{rel}","templated":true}]}}

<div id="post-ratings-338" class="post-ratings" data-nonce="db6244bf67"><img decoding="async" id="rating_338_1" src="https://www.cobelen.es/es/wp-content/plugins/wp-postratings/images/stars/rating_on.gif" alt="1 Star" title="1 Star" onmouseover="current_rating(338, 1, '1 Star');" onmouseout="ratings_off(4.8, 5, 0);" onclick="rate_post();" onkeypress="rate_post();" style="cursor: pointer; border: 0px;" /><img decoding="async" id="rating_338_2" src="https://www.cobelen.es/es/wp-content/plugins/wp-postratings/images/stars/rating_on.gif" alt="2 Stars" title="2 Stars" onmouseover="current_rating(338, 2, '2 Stars');" onmouseout="ratings_off(4.8, 5, 0);" onclick="rate_post();" onkeypress="rate_post();" style="cursor: pointer; border: 0px;" /><img decoding="async" id="rating_338_3" src="https://www.cobelen.es/es/wp-content/plugins/wp-postratings/images/stars/rating_on.gif" alt="3 Stars" title="3 Stars" onmouseover="current_rating(338, 3, '3 Stars');" onmouseout="ratings_off(4.8, 5, 0);" onclick="rate_post();" onkeypress="rate_post();" style="cursor: pointer; border: 0px;" /><img decoding="async" id="rating_338_4" src="https://www.cobelen.es/es/wp-content/plugins/wp-postratings/images/stars/rating_on.gif" alt="4 Stars" title="4 Stars" onmouseover="current_rating(338, 4, '4 Stars');" onmouseout="ratings_off(4.8, 5, 0);" onclick="rate_post();" onkeypress="rate_post();" style="cursor: pointer; border: 0px;" /><img decoding="async" id="rating_338_5" src="https://www.cobelen.es/es/wp-content/plugins/wp-postratings/images/stars/rating_half.gif" alt="5 Stars" title="5 Stars" onmouseover="current_rating(338, 5, '5 Stars');" onmouseout="ratings_off(4.8, 5, 0);" onclick="rate_post();" onkeypress="rate_post();" style="cursor: pointer; border: 0px;" /> (<strong>6</strong> votes, average: <strong>4,83</strong> out of 5)<br /><span class="post-ratings-text" id="ratings_338_text"></span></div><div id="post-ratings-338-loading" class="post-ratings-loading"><img loading="lazy" decoding="async" src="https://www.cobelen.es/es/wp-content/plugins/wp-postratings/images/loading.gif" width="16" height="16" class="post-ratings-image" />Cargando...</div>
<div class="margen-1"></div>
<p><img loading="lazy" decoding="async" src="https://www.cobelen.es/es/wp-content/uploads/2025/11/marcas-propias-cobelen.jpg" alt="marcas-propias" width="1000" height="350" class="alignnone size-full wp-image-535 sombra"  /></p>
<div class="margen-1"></div>
<div class="one_half">
<p class="capitular">La garantía de las marcas propias de Cobelén viene avalada por una larga y profesional trayectoria en el sector de la aceituna de mesa. Desde 1961, Cobelén ha sido un claro referente de calidad para todos los actores vinculados con este segmento económico primario.</p>
<p>Los grandes pilares sobre los que siempre se ha asentado esta empresa han sido dos. Por un lado, el control del producto desde el origen y, por otro, su homogeneidad. En relación a este último punto hay que poner de manifiesto que sólo se comercializan las aceitunas de los socios agricultores de Cobelén, cuyos olivos se encuentran situados en el área del Aljarafe sevillano; cuna de las más famosas aceitunas de mesa del mundo.</p>
</div>
<div class="one_half last">
Nuestras marcas, <strong>PRECIOSA y MEDIODÍA</strong>, son el máximo exponente de todo lo mencionado anteriormente. En ellas se aúnan tradición, cultura, artesanía, modernidad y, sobre todo, mucho sabor.</p>
<p>Bajo la marca <strong>PRECIOSA</strong> tan sólo envasamos las aceitunas que cuentan con el calibre más grueso y la máxima calidad. Todo ello combinado con multitud de deliciosos rellenos naturales.</p>
<p>Un auténtico placer para el paladar que te invitamos a no perderte.</p>
</div>
<div class="clear"></div>
<div class="margen-2"></div>
<p><img loading="lazy" decoding="async" src="https://www.cobelen.es/es/wp-content/uploads/2014/09/separador-verde.png" alt="" width="500" height="25" class="aligncenter size-full wp-image-81" srcset="https://www.cobelen.es/es/wp-content/uploads/2014/09/separador-verde.png 500w, https://www.cobelen.es/es/wp-content/uploads/2014/09/separador-verde-300x15.png 300w" sizes="(max-width: 500px) 100vw, 500px" /></p>
<div class="margen-2"></div>
<div class="one_half">
<img loading="lazy" decoding="async" src="https://www.cobelen.es/es/wp-content/uploads/2021/05/embases-preciosa-IGP.jpg" alt="" width="1200" height="700" class="aligncenter size-full wp-image-2786" srcset="https://www.cobelen.es/es/wp-content/uploads/2021/05/embases-preciosa-IGP.jpg 1200w, https://www.cobelen.es/es/wp-content/uploads/2021/05/embases-preciosa-IGP-300x175.jpg 300w, https://www.cobelen.es/es/wp-content/uploads/2021/05/embases-preciosa-IGP-1024x597.jpg 1024w, https://www.cobelen.es/es/wp-content/uploads/2021/05/embases-preciosa-IGP-768x448.jpg 768w" sizes="(max-width: 1200px) 100vw, 1200px" />
</div>
<div class="one_half last">
<p class="capitular">La aceituna Manzanilla con hueso, la Manzanilla rellena de pimiento del piquillo y la Gordal con hueso de nuestra marca propia <strong>PRECIOSA</strong> han recibido el sello de la IGP Aceitunas Manzanilla y Gordal de Sevilla.</p>
<p><img loading="lazy" decoding="async" src="https://www.cobelen.es/es/wp-content/uploads/2021/05/sello-consejo-regulador.jpg" alt="" width="300" height="148" class="alignnone size-medium wp-image-2779" srcset="https://www.cobelen.es/es/wp-content/uploads/2021/05/sello-consejo-regulador.jpg 554w, https://www.cobelen.es/es/wp-content/uploads/2021/05/sello-consejo-regulador-300x148.jpg 300w" sizes="(max-width: 300px) 100vw, 300px" /></div>
<div class="clear"></div>

<p>La garantía de las marcas propias de Cobelén viene avalada por una larga y profesional trayectoria en el sector de la aceituna de mesa. Desde 1961, Cobelén ha sido un claro referente de calidad para todos los actores vinculados con este segmento económico primario. Los grandes pilares sobre los que siempre se ha asentado esta [&hellip;]</p>
