{"id":1697,"date":"2017-06-26T12:43:30","date_gmt":"2017-06-26T10:43:30","guid":{"rendered":"https:\/\/www.cobelen.es\/es\/?page_id=1697"},"modified":"2017-06-26T12:43:30","modified_gmt":"2017-06-26T10:43:30","slug":"calabacines-la-nizarda","status":"publish","type":"page","link":"https:\/\/www.cobelen.es\/es\/vida-sana\/recetas\/calabacines-la-nizarda\/","title":{"rendered":"Calabacines a la nizarda"},"content":{"rendered":"<div class=\"one_half\">\n<p><img loading=\"lazy\" decoding=\"async\" class=\"aligncenter wp-image-1325 size-full\" src=\"https:\/\/www.cobelen.es\/es\/wp-content\/uploads\/2017\/06\/CALABACINES.jpg\" width=\"1000\" height=\"835\" \/><\/p>\n<\/div>\n<div class=\"one_half last\">\n<h3>Ingredientes<\/h3>\n<ul>\n<li>30 aceitunas negras deshuesadas Cobel\u00e9n<\/li>\n<li>2 calabacines grandes<\/li>\n<li>1 diente de ajo<\/li>\n<li>150 gramos de salsa de tomate casera<\/li>\n<li>Pimienta negra<\/li>\n<li>Sal<\/li>\n<li>Aceite de Oliva Virgen Extra<\/li>\n<li>Perejil<\/li>\n<\/ul>\n<\/div>\n<div class=\"clear\"><\/div>\n<div class=\"margen-1\"><\/div>\n<h3>Preparaci\u00f3n<\/h3>\n<p>Para comenzar, vamos a cortar los calabacines en bastoncitos para que de esta manera se mantengan tersos. Por ello, debemos lavar muy bien los calabacines. Corta los dos extremos y c\u00f3rtalos en bastones horizontales. <\/p>\n<p>Seguidamente, pon en una cazuela o sart\u00e9n dos cucharadas de aceite de oliva virgen extra y dejamos que se caliente. Pelamos el diente de ajo, p\u00edcalo y cuando el aceite est\u00e9 caliente vierte el ajo y los calabacines. Salpimentamos al gusto y salteamos durante unos minutos hasta que empiecen a tomar color pero sin que lleguen a ablandarse.<br \/>\nA continuaci\u00f3n, a\u00f1adimos la salsa de tomate y lo bajamos a fuego medio. Cocinamos durante unos minutos y elige el punto de cocci\u00f3n de los calabacines al gusto. Antes de retirarlos del fuego, a\u00f1adimos las aceitunas deshuesadas y cortadas en rodajas. <\/p>\n<p>&nbsp;<\/p>\n<p style=\"text-align: right;\">Fuente: <a href=\"https:\/\/gastronomiaycia.republica.com\/2013\/04\/23\/calabacines-a-la-nizarda\/\" target=\"_blank\">GastronomiayC\u00eda<\/a><\/p>\n<p style=\"text-align: right;\">Imagen: <a href=\"https:\/\/gastronomiaycia.republica.com\/2013\/04\/23\/calabacines-a-la-nizarda\/\" target=\"_blank\">Gastronom\u00edayC\u00eda<\/a><\/p>\n","protected":false},"excerpt":{"rendered":"<p>Ingredientes 30 aceitunas negras deshuesadas Cobel\u00e9n 2 calabacines grandes 1 diente de ajo 150 gramos de salsa de tomate casera Pimienta negra Sal Aceite de Oliva Virgen Extra Perejil Preparaci\u00f3n Para comenzar, vamos a cortar los calabacines en bastoncitos para que de esta manera se mantengan tersos. Por ello, debemos lavar muy bien los calabacines. [&hellip;]<\/p>\n","protected":false},"author":27,"featured_media":0,"parent":356,"menu_order":0,"comment_status":"closed","ping_status":"closed","template":"","meta":{"_bbp_topic_count":0,"_bbp_reply_count":0,"_bbp_total_topic_count":0,"_bbp_total_reply_count":0,"_bbp_voice_count":0,"_bbp_anonymous_reply_count":0,"_bbp_topic_count_hidden":0,"_bbp_reply_count_hidden":0,"_bbp_forum_subforum_count":0,"footnotes":""},"class_list":["post-1697","page","type-page","status-publish","hentry"],"_links":{"self":[{"href":"https:\/\/www.cobelen.es\/es\/wp-json\/wp\/v2\/pages\/1697"}],"collection":[{"href":"https:\/\/www.cobelen.es\/es\/wp-json\/wp\/v2\/pages"}],"about":[{"href":"https:\/\/www.cobelen.es\/es\/wp-json\/wp\/v2\/types\/page"}],"author":[{"embeddable":true,"href":"https:\/\/www.cobelen.es\/es\/wp-json\/wp\/v2\/users\/27"}],"replies":[{"embeddable":true,"href":"https:\/\/www.cobelen.es\/es\/wp-json\/wp\/v2\/comments?post=1697"}],"version-history":[{"count":2,"href":"https:\/\/www.cobelen.es\/es\/wp-json\/wp\/v2\/pages\/1697\/revisions"}],"predecessor-version":[{"id":1702,"href":"https:\/\/www.cobelen.es\/es\/wp-json\/wp\/v2\/pages\/1697\/revisions\/1702"}],"up":[{"embeddable":true,"href":"https:\/\/www.cobelen.es\/es\/wp-json\/wp\/v2\/pages\/356"}],"wp:attachment":[{"href":"https:\/\/www.cobelen.es\/es\/wp-json\/wp\/v2\/media?parent=1697"}],"curies":[{"name":"wp","href":"https:\/\/api.w.org\/{rel}","templated":true}]}}

<div class="one_half">
<p><img loading="lazy" decoding="async" class="aligncenter wp-image-1325 size-full" src="https://www.cobelen.es/es/wp-content/uploads/2017/06/CALABACINES.jpg" width="1000" height="835" /></p>
</div>
<div class="one_half last">
<h3>Ingredientes</h3>
<ul>
<li>30 aceitunas negras deshuesadas Cobelén</li>
<li>2 calabacines grandes</li>
<li>1 diente de ajo</li>
<li>150 gramos de salsa de tomate casera</li>
<li>Pimienta negra</li>
<li>Sal</li>
<li>Aceite de Oliva Virgen Extra</li>
<li>Perejil</li>
</ul>
</div>
<div class="clear"></div>
<div class="margen-1"></div>
<h3>Preparación</h3>
<p>Para comenzar, vamos a cortar los calabacines en bastoncitos para que de esta manera se mantengan tersos. Por ello, debemos lavar muy bien los calabacines. Corta los dos extremos y córtalos en bastones horizontales. </p>
<p>Seguidamente, pon en una cazuela o sartén dos cucharadas de aceite de oliva virgen extra y dejamos que se caliente. Pelamos el diente de ajo, pícalo y cuando el aceite esté caliente vierte el ajo y los calabacines. Salpimentamos al gusto y salteamos durante unos minutos hasta que empiecen a tomar color pero sin que lleguen a ablandarse.<br />
A continuación, añadimos la salsa de tomate y lo bajamos a fuego medio. Cocinamos durante unos minutos y elige el punto de cocción de los calabacines al gusto. Antes de retirarlos del fuego, añadimos las aceitunas deshuesadas y cortadas en rodajas. </p>
<p>&nbsp;</p>
<p style="text-align: right;">Fuente: <a href="https://gastronomiaycia.republica.com/2013/04/23/calabacines-a-la-nizarda/" target="_blank">GastronomiayCía</a></p>
<p style="text-align: right;">Imagen: <a href="https://gastronomiaycia.republica.com/2013/04/23/calabacines-a-la-nizarda/" target="_blank">GastronomíayCía</a></p>

<p>Ingredientes 30 aceitunas negras deshuesadas Cobelén 2 calabacines grandes 1 diente de ajo 150 gramos de salsa de tomate casera Pimienta negra Sal Aceite de Oliva Virgen Extra Perejil Preparación Para comenzar, vamos a cortar los calabacines en bastoncitos para que de esta manera se mantengan tersos. Por ello, debemos lavar muy bien los calabacines. [&hellip;]</p>
