{"id":1512,"date":"2017-01-17T18:06:35","date_gmt":"2017-01-17T17:06:35","guid":{"rendered":"https:\/\/www.cobelen.es\/es\/?page_id=1512"},"modified":"2017-01-24T13:42:59","modified_gmt":"2017-01-24T12:42:59","slug":"montaditos-berenjena-aceitunas-tomate-queso","status":"publish","type":"page","link":"https:\/\/www.cobelen.es\/es\/vida-sana\/recetas\/montaditos-berenjena-aceitunas-tomate-queso\/","title":{"rendered":"Montaditos de berenjena, aceitunas, tomate y queso"},"content":{"rendered":"<div class=\"one_half\"><img loading=\"lazy\" decoding=\"async\" class=\"aligncenter wp-image-1054 size-full\" src=\"https:\/\/www.cobelen.es\/es\/wp-content\/uploads\/2017\/01\/APERITIVO-ACEITUNAS-REDIMENSION-e1484672766201.jpg\" alt=\"\" width=\"550\" height=\"385\" \/><\/div>\n<div class=\"one_half last\">\n<h3>Ingredientes<\/h3>\n<ul>\n<li>300 gr aceitunas verdes deshuesadas Cobel\u00e9n<\/li>\n<li>2 berenjenas<\/li>\n<li>20 tomates peque\u00f1os<\/li>\n<li>1 cebolla morada<\/li>\n<li>2 naranjas peque\u00f1as<\/li>\n<li>150 gr de queso polvorone<\/li>\n<li>Ajo granulado<\/li>\n<li>Albahaca<\/li>\n<li>Pimienta negra<\/li>\n<li>Sal<\/li>\n<li>Aceite de oliva virgen extra<\/li>\n<\/ul>\n<\/div>\n<div class=\"clear\"><\/div>\n<div class=\"margen-1\"><\/div>\n<h3>Preparaci\u00f3n<\/h3>\n<p>Para empezar, precalentamos el horno a 200\u00baC y prepara una fuente o una bandeja amplia. Lava bien las berenjenas, desecha los extremos y c\u00f3rtalas en rodajas de un dedo de grosor.<\/p>\n<p> A continuaci\u00f3n, salpimenta y a\u00f1ade un poco de ajo granulado seg\u00fan el gusto. Horn\u00e9alas durante unos minutos hasta que empiecen a dorarse: ese ser\u00e1 el momento id\u00f3neo para retirarlas. <\/p>\n<p>Posteriormente, corta los tomates peque\u00f1os en rodajas, la cebolla en juliana fina y el queso en porciones. Forma peque\u00f1os montaditos colocando encima de cada berenjena unas rodajas de tomate, el queso, una o dos aceitunas verdes sin hueso y un poco de cebolla. <\/p>\n<p>Hornea el montadito hasta que el queso se funda y s\u00edrvelo acompa\u00f1ado de unas hojas de albahaca o mejorana fresca, unas gotas de aceite de oliva y un toque de pimienta. <\/p>\n<p>&nbsp;<\/p>\n<p style=\"text-align: right;\">Fuente: <a href=\" https:\/\/www.directoalpaladar.com\/cocinandoconkumato\/tres-aperitivos-divertidos-con-mini-kumato-r\" target=\"_blank\">Directo al Paladar<\/a><\/p>\n<p style=\"text-align: right;\">Imagen: <a href=\" https:\/\/www.directoalpaladar.com\/cocinandoconkumato\/tres-aperitivos-divertidos-con-mini-kumato-r \">Directo al paladar<\/a><\/p>\n","protected":false},"excerpt":{"rendered":"<p>Ingredientes 300 gr aceitunas verdes deshuesadas Cobel\u00e9n 2 berenjenas 20 tomates peque\u00f1os 1 cebolla morada 2 naranjas peque\u00f1as 150 gr de queso polvorone Ajo granulado Albahaca Pimienta negra Sal Aceite de oliva virgen extra Preparaci\u00f3n Para empezar, precalentamos el horno a 200\u00baC y prepara una fuente o una bandeja amplia. Lava bien las berenjenas, desecha [&hellip;]<\/p>\n","protected":false},"author":27,"featured_media":0,"parent":356,"menu_order":0,"comment_status":"closed","ping_status":"closed","template":"","meta":{"_bbp_topic_count":0,"_bbp_reply_count":0,"_bbp_total_topic_count":0,"_bbp_total_reply_count":0,"_bbp_voice_count":0,"_bbp_anonymous_reply_count":0,"_bbp_topic_count_hidden":0,"_bbp_reply_count_hidden":0,"_bbp_forum_subforum_count":0,"footnotes":""},"class_list":["post-1512","page","type-page","status-publish","hentry"],"_links":{"self":[{"href":"https:\/\/www.cobelen.es\/es\/wp-json\/wp\/v2\/pages\/1512"}],"collection":[{"href":"https:\/\/www.cobelen.es\/es\/wp-json\/wp\/v2\/pages"}],"about":[{"href":"https:\/\/www.cobelen.es\/es\/wp-json\/wp\/v2\/types\/page"}],"author":[{"embeddable":true,"href":"https:\/\/www.cobelen.es\/es\/wp-json\/wp\/v2\/users\/27"}],"replies":[{"embeddable":true,"href":"https:\/\/www.cobelen.es\/es\/wp-json\/wp\/v2\/comments?post=1512"}],"version-history":[{"count":2,"href":"https:\/\/www.cobelen.es\/es\/wp-json\/wp\/v2\/pages\/1512\/revisions"}],"predecessor-version":[{"id":1515,"href":"https:\/\/www.cobelen.es\/es\/wp-json\/wp\/v2\/pages\/1512\/revisions\/1515"}],"up":[{"embeddable":true,"href":"https:\/\/www.cobelen.es\/es\/wp-json\/wp\/v2\/pages\/356"}],"wp:attachment":[{"href":"https:\/\/www.cobelen.es\/es\/wp-json\/wp\/v2\/media?parent=1512"}],"curies":[{"name":"wp","href":"https:\/\/api.w.org\/{rel}","templated":true}]}}

<div class="one_half"><img loading="lazy" decoding="async" class="aligncenter wp-image-1054 size-full" src="https://www.cobelen.es/es/wp-content/uploads/2017/01/APERITIVO-ACEITUNAS-REDIMENSION-e1484672766201.jpg" alt="" width="550" height="385" /></div>
<div class="one_half last">
<h3>Ingredientes</h3>
<ul>
<li>300 gr aceitunas verdes deshuesadas Cobelén</li>
<li>2 berenjenas</li>
<li>20 tomates pequeños</li>
<li>1 cebolla morada</li>
<li>2 naranjas pequeñas</li>
<li>150 gr de queso polvorone</li>
<li>Ajo granulado</li>
<li>Albahaca</li>
<li>Pimienta negra</li>
<li>Sal</li>
<li>Aceite de oliva virgen extra</li>
</ul>
</div>
<div class="clear"></div>
<div class="margen-1"></div>
<h3>Preparación</h3>
<p>Para empezar, precalentamos el horno a 200ºC y prepara una fuente o una bandeja amplia. Lava bien las berenjenas, desecha los extremos y córtalas en rodajas de un dedo de grosor.</p>
<p> A continuación, salpimenta y añade un poco de ajo granulado según el gusto. Hornéalas durante unos minutos hasta que empiecen a dorarse: ese será el momento idóneo para retirarlas. </p>
<p>Posteriormente, corta los tomates pequeños en rodajas, la cebolla en juliana fina y el queso en porciones. Forma pequeños montaditos colocando encima de cada berenjena unas rodajas de tomate, el queso, una o dos aceitunas verdes sin hueso y un poco de cebolla. </p>
<p>Hornea el montadito hasta que el queso se funda y sírvelo acompañado de unas hojas de albahaca o mejorana fresca, unas gotas de aceite de oliva y un toque de pimienta. </p>
<p>&nbsp;</p>
<p style="text-align: right;">Fuente: <a href=" https://www.directoalpaladar.com/cocinandoconkumato/tres-aperitivos-divertidos-con-mini-kumato-r" target="_blank">Directo al Paladar</a></p>
<p style="text-align: right;">Imagen: <a href=" https://www.directoalpaladar.com/cocinandoconkumato/tres-aperitivos-divertidos-con-mini-kumato-r ">Directo al paladar</a></p>

<p>Ingredientes 300 gr aceitunas verdes deshuesadas Cobelén 2 berenjenas 20 tomates pequeños 1 cebolla morada 2 naranjas pequeñas 150 gr de queso polvorone Ajo granulado Albahaca Pimienta negra Sal Aceite de oliva virgen extra Preparación Para empezar, precalentamos el horno a 200ºC y prepara una fuente o una bandeja amplia. Lava bien las berenjenas, desecha [&hellip;]</p>
