{"id":1466,"date":"2016-11-24T12:56:35","date_gmt":"2016-11-24T11:56:35","guid":{"rendered":"https:\/\/www.cobelen.es\/es\/?page_id=1466"},"modified":"2017-01-24T13:42:53","modified_gmt":"2017-01-24T12:42:53","slug":"pasta-fusilli-salsa-arrabiata-aceitunas-negras","status":"publish","type":"page","link":"https:\/\/www.cobelen.es\/es\/vida-sana\/recetas\/pasta-fusilli-salsa-arrabiata-aceitunas-negras\/","title":{"rendered":"Pasta fusilli con salsa arrabiata y aceitunas negras"},"content":{"rendered":"<div class=\"one_half\"><img loading=\"lazy\" decoding=\"async\" class=\"aligncenter wp-image-1054 size-full\" src=\"https:\/\/www.cobelen.es\/es\/wp-content\/uploads\/2016\/11\/1366_2000.jpg\" alt=\"\" width=\"550\" height=\"385\" \/><\/div>\n<div class=\"one_half last\">\n<h3>Ingredientes<\/h3>\n<ul>\n<li>50 gr de aceitunas negras deshuesadas<\/li>\n<li>400 gr de pasta<\/li>\n<li>400 gr de salsa Arrabbiata<\/li>\n<li>200 gr de bacalao<\/li>\n<li>Perejil picado<\/li>\n<li>Aceite de Oliva Virgen Extra<\/li>\n<li>Sal<\/li>\n<\/ul>\n<\/div>\n<div class=\"clear\"><\/div>\n<div class=\"margen-1\"><\/div>\n<h3>Preparaci\u00f3n<\/h3>\n<p>Para empezar ponemos el agua a cocer, a\u00f1adiendo una pizca de sal por cada litro para despu\u00e9s a\u00f1adir la pasta. Mientras el agua empieza a hervir, cortamos el bacalao en peque\u00f1os trozos y picamos las aceitunas en peque\u00f1as partes.<\/p>\n<p>En una sart\u00e9n vertemos el aceite de oliva y colocamos el bacalao y las aceitunas negras picadas, salte\u00e1ndolo todo. Despu\u00e9s de un par de minutos, a\u00f1adimos el perejil picado y seguidamente la salsa Arrabiata removiendo hasta que todo est\u00e9 mezclado. <\/p>\n<p>Cuando el agua est\u00e9 en su punto m\u00e1ximo de ebullici\u00f3n, ponemos la pasta a cocer durante 11 minutos y una vez acabada, la escurrimos bien cuando est\u00e9 al dente. Para finalizar, echamos la pasta en la sart\u00e9n para mezclarlos con la salsa de manera que se integren todos los sabores. <\/p>\n<p>&nbsp;<\/p>\n<p style=\"text-align: right;\">Fuente: <a href=\"http:\/\/www.directoalpaladar.com\/barillasabordeitalia\/fusilli-con-salsa-arrabbiata-bacalao-y-aceitunas-negras-receta\" target=\"_blank\">Directo al paladar<\/a><\/p>\n<p style=\"text-align: right;\">Imagen: <a href=\"http:\/\/www.directoalpaladar.com\/barillasabordeitalia\/fusilli-con-salsa-arrabbiata-bacalao-y-aceitunas-negras-receta\" target=\"_blank\">Directo al paladar<\/a><\/p>\n","protected":false},"excerpt":{"rendered":"<p>Ingredientes 50 gr de aceitunas negras deshuesadas 400 gr de pasta 400 gr de salsa Arrabbiata 200 gr de bacalao Perejil picado Aceite de Oliva Virgen Extra Sal Preparaci\u00f3n Para empezar ponemos el agua a cocer, a\u00f1adiendo una pizca de sal por cada litro para despu\u00e9s a\u00f1adir la pasta. Mientras el agua empieza a hervir, [&hellip;]<\/p>\n","protected":false},"author":27,"featured_media":0,"parent":356,"menu_order":0,"comment_status":"closed","ping_status":"closed","template":"","meta":{"_bbp_topic_count":0,"_bbp_reply_count":0,"_bbp_total_topic_count":0,"_bbp_total_reply_count":0,"_bbp_voice_count":0,"_bbp_anonymous_reply_count":0,"_bbp_topic_count_hidden":0,"_bbp_reply_count_hidden":0,"_bbp_forum_subforum_count":0,"footnotes":""},"class_list":["post-1466","page","type-page","status-publish","hentry"],"_links":{"self":[{"href":"https:\/\/www.cobelen.es\/es\/wp-json\/wp\/v2\/pages\/1466"}],"collection":[{"href":"https:\/\/www.cobelen.es\/es\/wp-json\/wp\/v2\/pages"}],"about":[{"href":"https:\/\/www.cobelen.es\/es\/wp-json\/wp\/v2\/types\/page"}],"author":[{"embeddable":true,"href":"https:\/\/www.cobelen.es\/es\/wp-json\/wp\/v2\/users\/27"}],"replies":[{"embeddable":true,"href":"https:\/\/www.cobelen.es\/es\/wp-json\/wp\/v2\/comments?post=1466"}],"version-history":[{"count":2,"href":"https:\/\/www.cobelen.es\/es\/wp-json\/wp\/v2\/pages\/1466\/revisions"}],"predecessor-version":[{"id":1469,"href":"https:\/\/www.cobelen.es\/es\/wp-json\/wp\/v2\/pages\/1466\/revisions\/1469"}],"up":[{"embeddable":true,"href":"https:\/\/www.cobelen.es\/es\/wp-json\/wp\/v2\/pages\/356"}],"wp:attachment":[{"href":"https:\/\/www.cobelen.es\/es\/wp-json\/wp\/v2\/media?parent=1466"}],"curies":[{"name":"wp","href":"https:\/\/api.w.org\/{rel}","templated":true}]}}

<div class="one_half"><img loading="lazy" decoding="async" class="aligncenter wp-image-1054 size-full" src="https://www.cobelen.es/es/wp-content/uploads/2016/11/1366_2000.jpg" alt="" width="550" height="385" /></div>
<div class="one_half last">
<h3>Ingredientes</h3>
<ul>
<li>50 gr de aceitunas negras deshuesadas</li>
<li>400 gr de pasta</li>
<li>400 gr de salsa Arrabbiata</li>
<li>200 gr de bacalao</li>
<li>Perejil picado</li>
<li>Aceite de Oliva Virgen Extra</li>
<li>Sal</li>
</ul>
</div>
<div class="clear"></div>
<div class="margen-1"></div>
<h3>Preparación</h3>
<p>Para empezar ponemos el agua a cocer, añadiendo una pizca de sal por cada litro para después añadir la pasta. Mientras el agua empieza a hervir, cortamos el bacalao en pequeños trozos y picamos las aceitunas en pequeñas partes.</p>
<p>En una sartén vertemos el aceite de oliva y colocamos el bacalao y las aceitunas negras picadas, salteándolo todo. Después de un par de minutos, añadimos el perejil picado y seguidamente la salsa Arrabiata removiendo hasta que todo esté mezclado. </p>
<p>Cuando el agua esté en su punto máximo de ebullición, ponemos la pasta a cocer durante 11 minutos y una vez acabada, la escurrimos bien cuando esté al dente. Para finalizar, echamos la pasta en la sartén para mezclarlos con la salsa de manera que se integren todos los sabores. </p>
<p>&nbsp;</p>
<p style="text-align: right;">Fuente: <a href="http://www.directoalpaladar.com/barillasabordeitalia/fusilli-con-salsa-arrabbiata-bacalao-y-aceitunas-negras-receta" target="_blank">Directo al paladar</a></p>
<p style="text-align: right;">Imagen: <a href="http://www.directoalpaladar.com/barillasabordeitalia/fusilli-con-salsa-arrabbiata-bacalao-y-aceitunas-negras-receta" target="_blank">Directo al paladar</a></p>

<p>Ingredientes 50 gr de aceitunas negras deshuesadas 400 gr de pasta 400 gr de salsa Arrabbiata 200 gr de bacalao Perejil picado Aceite de Oliva Virgen Extra Sal Preparación Para empezar ponemos el agua a cocer, añadiendo una pizca de sal por cada litro para después añadir la pasta. Mientras el agua empieza a hervir, [&hellip;]</p>
