{"id":142,"date":"2014-12-11T14:17:39","date_gmt":"2014-12-11T14:17:39","guid":{"rendered":"https:\/\/www.cobelen.es\/es\/?page_id=142"},"modified":"2016-10-04T10:19:37","modified_gmt":"2016-10-04T08:19:37","slug":"aviso-legal","status":"publish","type":"page","link":"https:\/\/www.cobelen.es\/es\/aviso-legal\/","title":{"rendered":"Aviso legal"},"content":{"rendered":"<p>En cumplimiento de la Ley Org\u00e1nica 15\/1999 de Protecci\u00f3n de Datos de Caracter Personal y del Real Decreto 1720\/2007 del Reblamento de desarrollo LOPD, le informamos de que sus datos forman parte de un fichero titularidad de COBELEN, S.C.A. Si no desea seguir recibiendo comunicaciones a trav\u00e9s de esta via o si desea ejercitar sus derechos de acceso, rectificaci\u00f3n, cancelaci\u00f3n u oposici\u00f3n, puede hacerlo enviando una solicitud por escrito a COBELEN, S.C.A. Apdo. Correos 3, Avenida del Aljarafe 94-96, 41840 PILAS (Sevilla), o a trav\u00e9s de correo electr\u00f3nico cobelen@cobelen.es\/es junto con prueba v\u00e1lida en derecho, como fotocopia del D.N.I. e indicando en el asunto \u00abPROTECCION DE DATOS\u00bb<\/p>\n","protected":false},"excerpt":{"rendered":"<p>En cumplimiento de la Ley Org\u00e1nica 15\/1999 de Protecci\u00f3n de Datos de Caracter Personal y del Real Decreto 1720\/2007 del Reblamento de desarrollo LOPD, le informamos de que sus datos forman parte de un fichero titularidad de COBELEN, S.C.A. Si no desea seguir recibiendo comunicaciones a trav\u00e9s de esta via o si desea ejercitar sus [&hellip;]<\/p>\n","protected":false},"author":27,"featured_media":0,"parent":0,"menu_order":0,"comment_status":"closed","ping_status":"closed","template":"","meta":{"_bbp_topic_count":0,"_bbp_reply_count":0,"_bbp_total_topic_count":0,"_bbp_total_reply_count":0,"_bbp_voice_count":0,"_bbp_anonymous_reply_count":0,"_bbp_topic_count_hidden":0,"_bbp_reply_count_hidden":0,"_bbp_forum_subforum_count":0,"footnotes":""},"class_list":["post-142","page","type-page","status-publish","hentry"],"_links":{"self":[{"href":"https:\/\/www.cobelen.es\/es\/wp-json\/wp\/v2\/pages\/142"}],"collection":[{"href":"https:\/\/www.cobelen.es\/es\/wp-json\/wp\/v2\/pages"}],"about":[{"href":"https:\/\/www.cobelen.es\/es\/wp-json\/wp\/v2\/types\/page"}],"author":[{"embeddable":true,"href":"https:\/\/www.cobelen.es\/es\/wp-json\/wp\/v2\/users\/27"}],"replies":[{"embeddable":true,"href":"https:\/\/www.cobelen.es\/es\/wp-json\/wp\/v2\/comments?post=142"}],"version-history":[{"count":1,"href":"https:\/\/www.cobelen.es\/es\/wp-json\/wp\/v2\/pages\/142\/revisions"}],"predecessor-version":[{"id":143,"href":"https:\/\/www.cobelen.es\/es\/wp-json\/wp\/v2\/pages\/142\/revisions\/143"}],"wp:attachment":[{"href":"https:\/\/www.cobelen.es\/es\/wp-json\/wp\/v2\/media?parent=142"}],"curies":[{"name":"wp","href":"https:\/\/api.w.org\/{rel}","templated":true}]}}

<p>En cumplimiento de la Ley Orgánica 15/1999 de Protección de Datos de Caracter Personal y del Real Decreto 1720/2007 del Reblamento de desarrollo LOPD, le informamos de que sus datos forman parte de un fichero titularidad de COBELEN, S.C.A. Si no desea seguir recibiendo comunicaciones a través de esta via o si desea ejercitar sus derechos de acceso, rectificación, cancelación u oposición, puede hacerlo enviando una solicitud por escrito a COBELEN, S.C.A. Apdo. Correos 3, Avenida del Aljarafe 94-96, 41840 PILAS (Sevilla), o a través de correo electrónico cobelen@cobelen.es/es junto con prueba válida en derecho, como fotocopia del D.N.I. e indicando en el asunto «PROTECCION DE DATOS»</p>

<p>En cumplimiento de la Ley Orgánica 15/1999 de Protección de Datos de Caracter Personal y del Real Decreto 1720/2007 del Reblamento de desarrollo LOPD, le informamos de que sus datos forman parte de un fichero titularidad de COBELEN, S.C.A. Si no desea seguir recibiendo comunicaciones a través de esta via o si desea ejercitar sus [&hellip;]</p>
