{"id":1009,"date":"2015-11-24T17:09:17","date_gmt":"2015-11-24T16:09:17","guid":{"rendered":"https:\/\/www.cobelen.es\/es\/?page_id=1009"},"modified":"2015-11-24T17:37:04","modified_gmt":"2015-11-24T16:37:04","slug":"pollo-con-aceitunas","status":"publish","type":"page","link":"https:\/\/www.cobelen.es\/es\/vida-sana\/recetas\/pollo-con-aceitunas\/","title":{"rendered":"Pollo con aceitunas verdes"},"content":{"rendered":"<div class=\"one_half\"><img loading=\"lazy\" decoding=\"async\" class=\"aligncenter wp-image-1014 size-full\" src=\"https:\/\/www.cobelen.es\/es\/wp-content\/uploads\/2015\/11\/Pollo-con-aceitunas.jpg\" alt=\"\" width=\"568\" height=\"397\" srcset=\"https:\/\/www.cobelen.es\/es\/wp-content\/uploads\/2015\/11\/Pollo-con-aceitunas.jpg 568w, https:\/\/www.cobelen.es\/es\/wp-content\/uploads\/2015\/11\/Pollo-con-aceitunas-300x210.jpg 300w\" sizes=\"(max-width: 568px) 100vw, 568px\" \/><\/div>\n<div class=\"one_half last\">\n<h3>Ingredientes (4 personas)<\/h3>\n<ul>\n<li>1.5 Kg de pollo troceado.<\/li>\n<li>4 tomates maduros.<\/li>\n<li>150 gr de aceitunas verdes sin hueso Cobel\u00e9n.<\/li>\n<li>2 cebollas.<\/li>\n<li>2 pimientos verdes.<\/li>\n<li>2 dientes de ajo.<\/li>\n<li>1\/2 l. de vino blanco.<\/li>\n<li>Aceite de oliva.<\/li>\n<li>5 cucharadas de harina.<\/li>\n<li>Sal.<\/li>\n<li>Pimienta.<\/li>\n<li>Romero.<\/li>\n<\/ul>\n<\/div>\n<div class=\"clear\"><\/div>\n<div class=\"margen-1\"><\/div>\n<h3>Preparaci\u00f3n<\/h3>\n<p>Para comenzar hay que salpimentar el pollo troceado, rebozarlo con harina y fre\u00edrlo en una sart\u00e9n con un poco de aceite hasta que est\u00e9 bien dorado. Una vez hecho esto. se reserva sobre papel de cocina absorbente para eliminar el exceso de grasa.<\/p>\n<p>A continuaci\u00f3n, en una cacerola con aceite, se pone a rehogar la cebolla con los ajos picados. y cuando est\u00e9n dorados se a\u00f1aden los pimientos cortados en tiras finas. Rehogar durante unos minutos y a\u00f1adir, finalmente, los tomates triturados. Removerlo todo bien.<\/p>\n<p>Cuando est\u00e9 todo bien rehogado se incorporan las aceitunas y se deja que hierva durante unos minutos.<\/p>\n<p>Despu\u00e9s, se sazona con el romero, la sal y la pimienta. Por \u00faltimo, se a\u00f1ade el vino blanco y el pollo. Cuando rompa a hervir se tapa con la cazuela y se deja cocer a fuego lento hasta que el pollo est\u00e9 en su punto.<\/p>\n<p style=\"text-align: right;\">Fuente e imagen:\u00a0<a href=\"http:\/\/www.recetizate.com\/receta\/491\/Pollo+con+Aceitunas\/\" target=\"_blank\">Recet\u00edzate<\/a><\/p>\n","protected":false},"excerpt":{"rendered":"<p>Ingredientes (4 personas) 1.5 Kg de pollo troceado. 4 tomates maduros. 150 gr de aceitunas verdes sin hueso Cobel\u00e9n. 2 cebollas. 2 pimientos verdes. 2 dientes de ajo. 1\/2 l. de vino blanco. Aceite de oliva. 5 cucharadas de harina. Sal. Pimienta. Romero. Preparaci\u00f3n Para comenzar hay que salpimentar el pollo troceado, rebozarlo con harina [&hellip;]<\/p>\n","protected":false},"author":27,"featured_media":0,"parent":356,"menu_order":0,"comment_status":"open","ping_status":"open","template":"","meta":{"_bbp_topic_count":0,"_bbp_reply_count":0,"_bbp_total_topic_count":0,"_bbp_total_reply_count":0,"_bbp_voice_count":0,"_bbp_anonymous_reply_count":0,"_bbp_topic_count_hidden":0,"_bbp_reply_count_hidden":0,"_bbp_forum_subforum_count":0,"footnotes":""},"class_list":["post-1009","page","type-page","status-publish","hentry"],"_links":{"self":[{"href":"https:\/\/www.cobelen.es\/es\/wp-json\/wp\/v2\/pages\/1009"}],"collection":[{"href":"https:\/\/www.cobelen.es\/es\/wp-json\/wp\/v2\/pages"}],"about":[{"href":"https:\/\/www.cobelen.es\/es\/wp-json\/wp\/v2\/types\/page"}],"author":[{"embeddable":true,"href":"https:\/\/www.cobelen.es\/es\/wp-json\/wp\/v2\/users\/27"}],"replies":[{"embeddable":true,"href":"https:\/\/www.cobelen.es\/es\/wp-json\/wp\/v2\/comments?post=1009"}],"version-history":[{"count":5,"href":"https:\/\/www.cobelen.es\/es\/wp-json\/wp\/v2\/pages\/1009\/revisions"}],"predecessor-version":[{"id":1012,"href":"https:\/\/www.cobelen.es\/es\/wp-json\/wp\/v2\/pages\/1009\/revisions\/1012"}],"up":[{"embeddable":true,"href":"https:\/\/www.cobelen.es\/es\/wp-json\/wp\/v2\/pages\/356"}],"wp:attachment":[{"href":"https:\/\/www.cobelen.es\/es\/wp-json\/wp\/v2\/media?parent=1009"}],"curies":[{"name":"wp","href":"https:\/\/api.w.org\/{rel}","templated":true}]}}

<div class="one_half"><img loading="lazy" decoding="async" class="aligncenter wp-image-1014 size-full" src="https://www.cobelen.es/es/wp-content/uploads/2015/11/Pollo-con-aceitunas.jpg" alt="" width="568" height="397" srcset="https://www.cobelen.es/es/wp-content/uploads/2015/11/Pollo-con-aceitunas.jpg 568w, https://www.cobelen.es/es/wp-content/uploads/2015/11/Pollo-con-aceitunas-300x210.jpg 300w" sizes="(max-width: 568px) 100vw, 568px" /></div>
<div class="one_half last">
<h3>Ingredientes (4 personas)</h3>
<ul>
<li>1.5 Kg de pollo troceado.</li>
<li>4 tomates maduros.</li>
<li>150 gr de aceitunas verdes sin hueso Cobelén.</li>
<li>2 cebollas.</li>
<li>2 pimientos verdes.</li>
<li>2 dientes de ajo.</li>
<li>1/2 l. de vino blanco.</li>
<li>Aceite de oliva.</li>
<li>5 cucharadas de harina.</li>
<li>Sal.</li>
<li>Pimienta.</li>
<li>Romero.</li>
</ul>
</div>
<div class="clear"></div>
<div class="margen-1"></div>
<h3>Preparación</h3>
<p>Para comenzar hay que salpimentar el pollo troceado, rebozarlo con harina y freírlo en una sartén con un poco de aceite hasta que esté bien dorado. Una vez hecho esto. se reserva sobre papel de cocina absorbente para eliminar el exceso de grasa.</p>
<p>A continuación, en una cacerola con aceite, se pone a rehogar la cebolla con los ajos picados. y cuando estén dorados se añaden los pimientos cortados en tiras finas. Rehogar durante unos minutos y añadir, finalmente, los tomates triturados. Removerlo todo bien.</p>
<p>Cuando esté todo bien rehogado se incorporan las aceitunas y se deja que hierva durante unos minutos.</p>
<p>Después, se sazona con el romero, la sal y la pimienta. Por último, se añade el vino blanco y el pollo. Cuando rompa a hervir se tapa con la cazuela y se deja cocer a fuego lento hasta que el pollo esté en su punto.</p>
<p style="text-align: right;">Fuente e imagen: <a href="http://www.recetizate.com/receta/491/Pollo+con+Aceitunas/" target="_blank">Recetízate</a></p>

<p>Ingredientes (4 personas) 1.5 Kg de pollo troceado. 4 tomates maduros. 150 gr de aceitunas verdes sin hueso Cobelén. 2 cebollas. 2 pimientos verdes. 2 dientes de ajo. 1/2 l. de vino blanco. Aceite de oliva. 5 cucharadas de harina. Sal. Pimienta. Romero. Preparación Para comenzar hay que salpimentar el pollo troceado, rebozarlo con harina [&hellip;]</p>
